CRAN Package Check Results for Package fad

Last updated on 2022-01-26 22:54:49 CET.

Flavor Version Tinstall Tcheck Ttotal Status Flags
r-devel-linux-x86_64-debian-clang 0.3-3 56.61 97.37 153.98 NOTE
r-devel-linux-x86_64-debian-gcc 0.3-3 46.11 77.16 123.27 NOTE
r-devel-linux-x86_64-fedora-clang 0.3-3 207.49 NOTE
r-devel-linux-x86_64-fedora-gcc 0.3-3 196.34 NOTE
r-devel-windows-x86_64-new-UL 0.3-3 55.00 162.00 217.00 NOTE
r-devel-windows-x86_64-new-TK 0.3-3 NOTE
r-patched-linux-x86_64 0.3-3 48.93 84.19 133.12 NOTE
r-release-linux-x86_64 0.3-3 56.16 83.49 139.65 NOTE
r-release-macos-arm64 0.3-3 NOTE
r-release-macos-x86_64 0.3-3 NOTE
r-release-windows-ix86+x86_64 0.3-3 135.00 153.00 288.00 NOTE
r-oldrel-macos-x86_64 0.3-3 NOTE
r-oldrel-windows-ix86+x86_64 0.3-3 138.00 148.00 286.00 OK

Check Details

Version: 0.3-3
Check: LazyData
Result: NOTE
     'LazyData' is specified without a 'data' directory
Flavors: r-devel-linux-x86_64-debian-clang, r-devel-linux-x86_64-debian-gcc, r-devel-linux-x86_64-fedora-clang, r-devel-linux-x86_64-fedora-gcc, r-devel-windows-x86_64-new-UL, r-devel-windows-x86_64-new-TK, r-patched-linux-x86_64, r-release-linux-x86_64, r-release-macos-arm64, r-release-macos-x86_64, r-release-windows-ix86+x86_64

Version: 0.3-3
Check: installed package size
Result: NOTE
     installed size is 7.5Mb
     sub-directories of 1Mb or more:
     libs 7.2Mb
Flavors: r-devel-linux-x86_64-fedora-clang, r-release-macos-arm64, r-release-macos-x86_64, r-oldrel-macos-x86_64