CRAN Package Check Results for Package fancycut

Last updated on 2021-11-29 22:59:11 CET.

Flavor Version Tinstall Tcheck Ttotal Status Flags
r-devel-linux-x86_64-debian-clang 0.1.2 1.78 20.81 22.59 NOTE
r-devel-linux-x86_64-debian-gcc 0.1.2 1.42 16.49 17.91 NOTE
r-devel-linux-x86_64-fedora-clang 0.1.2 38.70 NOTE
r-devel-linux-x86_64-fedora-gcc 0.1.2 27.76 NOTE
r-devel-windows-x86_64-new-UL 0.1.2 6.00 54.00 60.00 NOTE
r-devel-windows-x86_64-new-TK 0.1.2 NOTE
r-devel-windows-x86_64-old 0.1.2 4.00 30.00 34.00 NOTE
r-patched-linux-x86_64 0.1.2 1.77 19.83 21.60 NOTE
r-patched-solaris-x86 0.1.2 45.70 NOTE
r-release-linux-x86_64 0.1.2 1.64 19.92 21.56 NOTE
r-release-macos-arm64 0.1.2 NOTE
r-release-macos-x86_64 0.1.2 NOTE
r-release-windows-ix86+x86_64 0.1.2 5.00 28.00 33.00 NOTE
r-oldrel-macos-x86_64 0.1.2 OK
r-oldrel-windows-ix86+x86_64 0.1.2 4.00 33.00 37.00 OK

Check Details

Version: 0.1.2
Check: LazyData
Result: NOTE
     'LazyData' is specified without a 'data' directory
Flavors: r-devel-linux-x86_64-debian-clang, r-devel-linux-x86_64-debian-gcc, r-devel-linux-x86_64-fedora-clang, r-devel-linux-x86_64-fedora-gcc, r-devel-windows-x86_64-new-UL, r-devel-windows-x86_64-new-TK, r-devel-windows-x86_64-old, r-patched-linux-x86_64, r-patched-solaris-x86, r-release-linux-x86_64, r-release-macos-arm64, r-release-macos-x86_64, r-release-windows-ix86+x86_64