CRAN Package Check Results for Package fasta

Last updated on 2021-11-26 23:03:24 CET.

Flavor Version Tinstall Tcheck Ttotal Status Flags
r-devel-linux-x86_64-debian-clang 0.1.0 1.47 19.17 20.64 NOTE
r-devel-linux-x86_64-debian-gcc 0.1.0 1.39 15.35 16.74 NOTE
r-devel-linux-x86_64-fedora-clang 0.1.0 36.74 NOTE
r-devel-linux-x86_64-fedora-gcc 0.1.0 26.19 NOTE
r-devel-windows-x86_64-new-UL 0.1.0 5.00 47.00 52.00 NOTE
r-devel-windows-x86_64-new-TK 0.1.0 NOTE
r-devel-windows-x86_64-old 0.1.0 4.00 35.00 39.00 NOTE
r-patched-linux-x86_64 0.1.0 1.76 18.31 20.07 NOTE
r-patched-solaris-x86 0.1.0 44.10 NOTE
r-release-linux-x86_64 0.1.0 NOTE
r-release-macos-arm64 0.1.0 NOTE
r-release-macos-x86_64 0.1.0 NOTE
r-release-windows-ix86+x86_64 0.1.0 5.00 25.00 30.00 NOTE
r-oldrel-macos-x86_64 0.1.0 OK
r-oldrel-windows-ix86+x86_64 0.1.0 4.00 25.00 29.00 OK

Check Details

Version: 0.1.0
Check: LazyData
Result: NOTE
     'LazyData' is specified without a 'data' directory
Flavors: r-devel-linux-x86_64-debian-clang, r-devel-linux-x86_64-debian-gcc, r-devel-linux-x86_64-fedora-clang, r-devel-linux-x86_64-fedora-gcc, r-devel-windows-x86_64-new-UL, r-devel-windows-x86_64-new-TK, r-devel-windows-x86_64-old, r-patched-linux-x86_64, r-patched-solaris-x86, r-release-linux-x86_64, r-release-macos-arm64, r-release-macos-x86_64, r-release-windows-ix86+x86_64