CRAN Package Check Results for Package fasterize

Last updated on 2021-12-06 21:51:13 CET.

Flavor Version Tinstall Tcheck Ttotal Status Flags
r-devel-linux-x86_64-debian-clang 1.0.3 109.69 228.99 338.68 NOTE
r-devel-linux-x86_64-debian-gcc 1.0.3 89.32 168.67 257.99 NOTE
r-devel-linux-x86_64-fedora-clang 1.0.3 444.70 NOTE
r-devel-linux-x86_64-fedora-gcc 1.0.3 417.22 NOTE
r-devel-windows-x86_64-new-UL 1.0.3 144.00 272.00 416.00 NOTE
r-devel-windows-x86_64-new-TK 1.0.3 NOTE
r-devel-windows-x86_64-old 1.0.3 152.00 180.00 332.00 NOTE
r-patched-linux-x86_64 1.0.3 99.41 217.27 316.68 NOTE
r-release-linux-x86_64 1.0.3 102.12 219.87 321.99 NOTE
r-release-macos-arm64 1.0.3 NOTE
r-release-macos-x86_64 1.0.3 NOTE
r-release-windows-ix86+x86_64 1.0.3 276.00 347.00 623.00 NOTE
r-oldrel-macos-x86_64 1.0.3 OK
r-oldrel-windows-ix86+x86_64 1.0.3 278.00 367.00 645.00 OK

Check Details

Version: 1.0.3
Check: LazyData
Result: NOTE
     'LazyData' is specified without a 'data' directory
Flavors: r-devel-linux-x86_64-debian-clang, r-devel-linux-x86_64-debian-gcc, r-devel-linux-x86_64-fedora-clang, r-devel-linux-x86_64-fedora-gcc, r-devel-windows-x86_64-new-UL, r-devel-windows-x86_64-new-TK, r-devel-windows-x86_64-old, r-patched-linux-x86_64, r-release-linux-x86_64, r-release-macos-arm64, r-release-macos-x86_64, r-release-windows-ix86+x86_64