CRAN Package Check Results for Package fastlogranktest

Last updated on 2022-05-22 22:51:38 CEST.

Flavor Version Tinstall Tcheck Ttotal Status Flags
r-devel-linux-x86_64-debian-clang 0.2.1 22.52 39.83 62.35 NOTE
r-devel-linux-x86_64-debian-gcc 0.2.1 18.56 31.38 49.94 NOTE
r-devel-linux-x86_64-fedora-clang 0.2.1 86.40 NOTE
r-devel-linux-x86_64-fedora-gcc 0.2.1 79.44 NOTE
r-devel-windows-x86_64 0.2.1 78.00 77.00 155.00 NOTE
r-patched-linux-x86_64 0.2.1 21.46 39.59 61.05 NOTE
r-release-linux-x86_64 0.2.1 19.32 38.29 57.61 NOTE
r-release-macos-arm64 0.2.1 24.00 NOTE
r-release-macos-x86_64 0.2.1 34.00 NOTE
r-release-windows-x86_64 0.2.1 73.00 78.00 151.00 NOTE
r-oldrel-macos-arm64 0.2.1 28.00 NOTE
r-oldrel-macos-x86_64 0.2.1 41.00 NOTE
r-oldrel-windows-ix86+x86_64 0.2.1 62.00 80.00 142.00 NOTE

Check Details

Version: 0.2.1
Check: LazyData
Result: NOTE
     'LazyData' is specified without a 'data' directory
Flavors: r-devel-linux-x86_64-debian-clang, r-devel-linux-x86_64-debian-gcc, r-devel-linux-x86_64-fedora-clang, r-devel-linux-x86_64-fedora-gcc, r-devel-windows-x86_64, r-patched-linux-x86_64, r-release-linux-x86_64, r-release-macos-arm64, r-release-macos-x86_64, r-release-windows-x86_64, r-oldrel-macos-arm64, r-oldrel-macos-x86_64, r-oldrel-windows-ix86+x86_64