CRAN Package Check Results for Package fastmit

Last updated on 2022-07-05 22:50:22 CEST.

Flavor Version Tinstall Tcheck Ttotal Status Flags
r-devel-linux-x86_64-debian-clang 0.1.1 75.55 29.93 105.48 NOTE
r-devel-linux-x86_64-debian-gcc 0.1.1 62.78 23.37 86.15 NOTE
r-devel-linux-x86_64-fedora-clang 0.1.1 166.99 NOTE
r-devel-linux-x86_64-fedora-gcc 0.1.1 149.29 NOTE
r-devel-windows-x86_64 0.1.1 34.00 75.00 109.00 NOTE
r-patched-linux-x86_64 0.1.1 66.51 28.89 95.40 NOTE
r-release-linux-x86_64 0.1.1 62.31 29.79 92.10 NOTE
r-release-macos-arm64 0.1.1 36.00 NOTE
r-release-macos-x86_64 0.1.1 49.00 NOTE
r-release-windows-x86_64 0.1.1 43.00 75.00 118.00 NOTE
r-oldrel-macos-arm64 0.1.1 38.00 NOTE
r-oldrel-macos-x86_64 0.1.1 63.00 NOTE
r-oldrel-windows-ix86+x86_64 0.1.1 105.00 75.00 180.00 NOTE

Check Details

Version: 0.1.1
Check: LazyData
Result: NOTE
     'LazyData' is specified without a 'data' directory
Flavors: r-devel-linux-x86_64-debian-clang, r-devel-linux-x86_64-debian-gcc, r-devel-linux-x86_64-fedora-clang, r-devel-linux-x86_64-fedora-gcc, r-devel-windows-x86_64, r-patched-linux-x86_64, r-release-linux-x86_64, r-release-macos-arm64, r-release-macos-x86_64, r-release-windows-x86_64, r-oldrel-macos-arm64, r-oldrel-macos-x86_64, r-oldrel-windows-ix86+x86_64