CRAN Package Check Results for Package fasttime

Last updated on 2022-01-16 22:51:13 CET.

Flavor Version Tinstall Tcheck Ttotal Status Flags
r-devel-linux-x86_64-debian-clang 1.0-2 2.09 27.71 29.80 OK
r-devel-linux-x86_64-debian-gcc 1.0-2 1.68 21.58 23.26 OK
r-devel-linux-x86_64-fedora-clang 1.0-2 37.13 NOTE
r-devel-linux-x86_64-fedora-gcc 1.0-2 26.38 NOTE
r-devel-windows-x86_64-new-UL 1.0-2 15.00 45.00 60.00 OK
r-devel-windows-x86_64-new-TK 1.0-2 OK
r-patched-linux-x86_64 1.0-2 1.89 26.58 28.47 OK
r-release-linux-x86_64 1.0-2 OK
r-release-macos-arm64 1.0-2 OK
r-release-macos-x86_64 1.0-2 OK
r-release-windows-ix86+x86_64 1.0-2 7.00 32.00 39.00 OK
r-oldrel-macos-x86_64 1.0-2 OK
r-oldrel-windows-ix86+x86_64 1.0-2 6.00 29.00 35.00 OK

Check Details

Version: 1.0-2
Check: compiled code
Result: NOTE
    File ‘fasttime/libs/fasttime.so’:
     Found no calls to: ‘R_registerRoutines’, ‘R_useDynamicSymbols’
    
    It is good practice to register native routines and to disable symbol
    search.
    
    See ‘Writing portable packages’ in the ‘Writing R Extensions’ manual.
Flavors: r-devel-linux-x86_64-fedora-clang, r-devel-linux-x86_64-fedora-gcc