CRAN Package Check Results for Package fcm

Last updated on 2022-05-22 22:51:39 CEST.

Flavor Version Tinstall Tcheck Ttotal Status Flags
r-devel-linux-x86_64-debian-clang 0.1.3 6.19 73.14 79.33 NOTE
r-devel-linux-x86_64-debian-gcc 0.1.3 4.83 55.88 60.71 NOTE
r-devel-linux-x86_64-fedora-clang 0.1.3 95.38 NOTE
r-devel-linux-x86_64-fedora-gcc 0.1.3 92.09 NOTE
r-devel-windows-x86_64 0.1.3 10.00 90.00 100.00 NOTE
r-patched-linux-x86_64 0.1.3 5.45 68.56 74.01 NOTE
r-release-linux-x86_64 0.1.3 4.27 69.99 74.26 NOTE
r-release-macos-arm64 0.1.3 29.00 NOTE
r-release-macos-x86_64 0.1.3 56.00 NOTE
r-release-windows-x86_64 0.1.3 11.00 96.00 107.00 NOTE
r-oldrel-macos-arm64 0.1.3 32.00 NOTE
r-oldrel-macos-x86_64 0.1.3 48.00 NOTE
r-oldrel-windows-ix86+x86_64 0.1.3 17.00 84.00 101.00 NOTE

Check Details

Version: 0.1.3
Check: LazyData
Result: NOTE
     'LazyData' is specified without a 'data' directory
Flavors: r-devel-linux-x86_64-debian-clang, r-devel-linux-x86_64-debian-gcc, r-devel-linux-x86_64-fedora-clang, r-devel-linux-x86_64-fedora-gcc, r-devel-windows-x86_64, r-patched-linux-x86_64, r-release-linux-x86_64, r-release-macos-arm64, r-release-macos-x86_64, r-release-windows-x86_64, r-oldrel-macos-arm64, r-oldrel-macos-x86_64, r-oldrel-windows-ix86+x86_64