CRAN Package Check Results for Package fda.usc

Last updated on 2021-12-03 22:57:39 CET.

Flavor Version Tinstall Tcheck Ttotal Status Flags
r-devel-linux-x86_64-debian-clang 2.0.2 45.57 250.64 296.21 OK
r-devel-linux-x86_64-debian-gcc 2.0.2 34.44 182.01 216.45 ERROR
r-devel-linux-x86_64-fedora-clang 2.0.2 388.74 NOTE
r-devel-linux-x86_64-fedora-gcc 2.0.2 348.79 NOTE
r-devel-windows-x86_64-new-UL 2.0.2 88.00 299.00 387.00 OK
r-devel-windows-x86_64-new-TK 2.0.2 NOTE
r-devel-windows-x86_64-old 2.0.2 67.00 206.00 273.00 OK
r-patched-linux-x86_64 2.0.2 52.24 242.94 295.18 OK
r-release-linux-x86_64 2.0.2 41.66 239.70 281.36 OK
r-release-macos-arm64 2.0.2 NOTE
r-release-macos-x86_64 2.0.2 NOTE
r-release-windows-ix86+x86_64 2.0.2 78.00 321.00 399.00 OK
r-oldrel-macos-x86_64 2.0.2 NOTE
r-oldrel-windows-ix86+x86_64 2.0.2 77.00 319.00 396.00 OK

Check Details

Version: 2.0.2
Check: examples
Result: ERROR
    Running examples in ‘fda.usc-Ex.R’ failed
    The error most likely occurred in:
    
    > base::assign(".ptime", proc.time(), pos = "CheckExEnv")
    > ### Name: Var.y
    > ### Title: Sampling Variance estimates
    > ### Aliases: Var.y Var.e
    >
    > ### ** Examples
    >
    > a1<-seq(0,1,by=.01)
    > a2=rnorm(length(a1),sd=0.2)
    > f1<-(sin(2*pi*a1))+rnorm(length(a1),sd=0.2)
    > nc<-50
    > np<-length(f1)
    > tt=1:101
    > mdata<-matrix(NA,ncol=np,nrow=nc)
    > for (i in 1:nc) mdata[i,]<- (sin(2*pi*a1))+rnorm(length(a1),sd=0.2)
    > mdata<-fdata(mdata,tt)
    > S=S.NW(tt,h=0.15)
    > var.e<-Var.e(mdata,S)
    Error in S %*% y : requires numeric/complex matrix/vector arguments
    Calls: Var.e
    Execution halted
Flavor: r-devel-linux-x86_64-debian-gcc

Version: 2.0.2
Check: data for non-ASCII characters
Result: NOTE
     Note: found 76 marked UTF-8 strings
Flavors: r-devel-linux-x86_64-fedora-clang, r-devel-linux-x86_64-fedora-gcc, r-devel-windows-x86_64-new-TK, r-release-macos-arm64, r-release-macos-x86_64, r-oldrel-macos-x86_64