Last updated on 2023-12-07 21:55:46 CET.
Flavor | Version | Tinstall | Tcheck | Ttotal | Status | Flags |
---|---|---|---|---|---|---|
r-devel-linux-x86_64-debian-clang | 0.3.0 | 324.37 | 333.80 | 658.17 | OK | |
r-devel-linux-x86_64-debian-gcc | 0.3.0 | 203.32 | 258.92 | 462.24 | OK | |
r-devel-linux-x86_64-fedora-clang | 0.3.0 | 973.68 | NOTE | |||
r-devel-linux-x86_64-fedora-gcc | 0.3.0 | 931.32 | OK | |||
r-devel-windows-x86_64 | 0.3.0 | 227.00 | 423.00 | 650.00 | NOTE | |
r-patched-linux-x86_64 | 0.3.0 | 209.84 | 328.42 | 538.26 | OK | |
r-release-linux-x86_64 | 0.3.0 | 201.50 | 325.12 | 526.62 | OK | |
r-release-macos-arm64 | 0.3.0 | 171.00 | NOTE | |||
r-release-macos-x86_64 | 0.3.0 | 394.00 | NOTE | |||
r-release-windows-x86_64 | 0.3.0 | 302.00 | 568.00 | 870.00 | NOTE | |
r-oldrel-macos-arm64 | 0.3.0 | 191.00 | NOTE | |||
r-oldrel-macos-x86_64 | 0.3.0 | 299.00 | NOTE | |||
r-oldrel-windows-x86_64 | 0.3.0 | 287.00 | 573.00 | 860.00 | NOTE |
Version: 0.3.0
Check: installed package size
Result: NOTE
installed size is 6.7Mb
sub-directories of 1Mb or more:
R 1.8Mb
doc 1.5Mb
help 2.1Mb
Flavors: r-devel-linux-x86_64-fedora-clang, r-devel-windows-x86_64, r-release-macos-arm64, r-release-macos-x86_64, r-release-windows-x86_64, r-oldrel-macos-arm64, r-oldrel-macos-x86_64, r-oldrel-windows-x86_64