CRAN Package Check Results for Package fdadensity

Last updated on 2021-12-07 22:59:29 CET.

Flavor Version Tinstall Tcheck Ttotal Status Flags
r-devel-linux-x86_64-debian-clang 0.1.2 24.39 60.01 84.40 OK
r-devel-linux-x86_64-debian-gcc 0.1.2 17.82 46.01 63.83 OK
r-devel-linux-x86_64-fedora-clang 0.1.2 117.41 OK
r-devel-linux-x86_64-fedora-gcc 0.1.2 94.76 OK
r-devel-windows-x86_64-new-UL 0.1.2 37.00 124.00 161.00 OK
r-devel-windows-x86_64-new-TK 0.1.2 OK
r-devel-windows-x86_64-old 0.1.2 35.00 92.00 127.00 OK
r-patched-linux-x86_64 0.1.2 24.23 58.58 82.81 OK
r-release-linux-x86_64 0.1.2 16.76 57.90 74.66 OK
r-release-macos-arm64 0.1.2 OK
r-release-macos-x86_64 0.1.2 OK
r-release-windows-ix86+x86_64 0.1.2 48.00 119.00 167.00 NOTE
r-oldrel-macos-x86_64 0.1.2 OK
r-oldrel-windows-ix86+x86_64 0.1.2 62.00 116.00 178.00 NOTE

Check Details

Version: 0.1.2
Check: installed package size
Result: NOTE
     installed size is 5.4Mb
     sub-directories of 1Mb or more:
     data 3.3Mb
     libs 2.0Mb
Flavors: r-release-windows-ix86+x86_64, r-oldrel-windows-ix86+x86_64