CRAN Package Check Results for Package fdaoutlier

Last updated on 2021-12-03 22:57:39 CET.

Flavor Version Tinstall Tcheck Ttotal Status Flags
r-devel-linux-x86_64-debian-clang 0.2.0 6.75 41.20 47.95 OK
r-devel-linux-x86_64-debian-gcc 0.2.0 4.80 31.62 36.42 OK
r-devel-linux-x86_64-fedora-clang 0.2.0 72.89 NOTE
r-devel-linux-x86_64-fedora-gcc 0.2.0 57.36 NOTE
r-devel-windows-x86_64-new-UL 0.2.0 21.00 95.00 116.00 OK
r-devel-windows-x86_64-new-TK 0.2.0 NOTE
r-devel-windows-x86_64-old 0.2.0 12.00 47.00 59.00 OK
r-patched-linux-x86_64 0.2.0 7.12 40.17 47.29 OK
r-release-linux-x86_64 0.2.0 7.04 39.20 46.24 OK
r-release-macos-arm64 0.2.0 NOTE
r-release-macos-x86_64 0.2.0 NOTE
r-release-windows-ix86+x86_64 0.2.0 19.00 85.00 104.00 OK
r-oldrel-macos-x86_64 0.2.0 NOTE
r-oldrel-windows-ix86+x86_64 0.2.0 20.00 80.00 100.00 OK

Check Details

Version: 0.2.0
Check: data for non-ASCII characters
Result: NOTE
     Note: found 75 marked UTF-8 strings
Flavors: r-devel-linux-x86_64-fedora-clang, r-devel-linux-x86_64-fedora-gcc, r-devel-windows-x86_64-new-TK, r-release-macos-arm64, r-release-macos-x86_64, r-oldrel-macos-x86_64