Last updated on 2022-05-24 22:50:06 CEST.
Flavor | Version | Tinstall | Tcheck | Ttotal | Status | Flags |
---|---|---|---|---|---|---|
r-devel-linux-x86_64-debian-clang | 1.9.7 | 103.30 | 256.68 | 359.98 | OK | |
r-devel-linux-x86_64-debian-gcc | 1.9.7 | 80.03 | 192.67 | 272.70 | OK | |
r-devel-linux-x86_64-fedora-clang | 1.9.7 | 460.14 | NOTE | |||
r-devel-linux-x86_64-fedora-gcc | 1.9.7 | 429.10 | OK | |||
r-devel-windows-x86_64 | 1.9.7 | 298.00 | 346.00 | 644.00 | OK | |
r-patched-linux-x86_64 | 1.9.7 | 73.50 | 244.85 | 318.35 | OK | |
r-release-linux-x86_64 | 1.9.7 | OK | ||||
r-release-macos-arm64 | 1.9.7 | 105.00 | NOTE | |||
r-release-macos-x86_64 | 1.9.7 | 237.00 | NOTE | |||
r-release-windows-x86_64 | 1.9.7 | 294.00 | 331.00 | 625.00 | OK | |
r-oldrel-macos-arm64 | 1.9.7 | 115.00 | NOTE | |||
r-oldrel-macos-x86_64 | 1.9.7 | 146.00 | NOTE | |||
r-oldrel-windows-ix86+x86_64 | 1.9.7 | 241.00 | 407.00 | 648.00 | NOTE |
Version: 1.9.7
Check: installed package size
Result: NOTE
installed size is 5.3Mb
sub-directories of 1Mb or more:
data 2.3Mb
libs 2.4Mb
Flavors: r-devel-linux-x86_64-fedora-clang, r-release-macos-arm64, r-release-macos-x86_64, r-oldrel-macos-arm64, r-oldrel-macos-x86_64, r-oldrel-windows-ix86+x86_64