CRAN Package Check Results for Package fdasrvf

Last updated on 2021-12-07 22:59:29 CET.

Flavor Version Tinstall Tcheck Ttotal Status Flags
r-devel-linux-x86_64-debian-clang 1.9.7 99.35 235.93 335.28 OK
r-devel-linux-x86_64-debian-gcc 1.9.7 71.66 177.93 249.59 OK
r-devel-linux-x86_64-fedora-clang 1.9.7 431.98 NOTE
r-devel-linux-x86_64-fedora-gcc 1.9.7 397.81 OK
r-devel-windows-x86_64-new-UL 1.9.7 166.00 342.00 508.00 OK
r-devel-windows-x86_64-new-TK 1.9.7 OK
r-devel-windows-x86_64-old 1.9.7 124.00 278.00 402.00 OK
r-patched-linux-x86_64 1.9.7 86.35 230.21 316.56 OK
r-release-linux-x86_64 1.9.7 81.72 225.91 307.63 OK
r-release-macos-arm64 1.9.7 NOTE
r-release-macos-x86_64 1.9.7 NOTE
r-release-windows-ix86+x86_64 1.9.7 158.00 404.00 562.00 NOTE
r-oldrel-macos-x86_64 1.9.7 NOTE
r-oldrel-windows-ix86+x86_64 1.9.7 222.00 387.00 609.00 NOTE

Check Details

Version: 1.9.7
Check: installed package size
Result: NOTE
     installed size is 5.8Mb
     sub-directories of 1Mb or more:
     data 2.3Mb
     libs 2.9Mb
Flavors: r-devel-linux-x86_64-fedora-clang, r-release-macos-arm64, r-release-macos-x86_64, r-release-windows-ix86+x86_64, r-oldrel-macos-x86_64, r-oldrel-windows-ix86+x86_64