CRAN Package Check Results for Package fdcov

Last updated on 2021-11-28 22:51:14 CET.

Flavor Version Tinstall Tcheck Ttotal Status Flags
r-devel-linux-x86_64-debian-clang 1.1.0 NOTE
r-devel-linux-x86_64-debian-gcc 1.1.0 2.77 572.78 575.55 NOTE
r-devel-linux-x86_64-fedora-clang 1.1.0 870.49 NOTE
r-devel-linux-x86_64-fedora-gcc 1.1.0 864.44 NOTE
r-devel-windows-x86_64-new-UL 1.1.0 9.00 780.00 789.00 NOTE
r-devel-windows-x86_64-new-TK 1.1.0 NOTE
r-devel-windows-x86_64-old 1.1.0 5.00 834.00 839.00 NOTE
r-patched-linux-x86_64 1.1.0 3.61 35.41 39.02 NOTE
r-patched-solaris-x86 1.1.0 74.40 NOTE
r-release-linux-x86_64 1.1.0 3.02 34.90 37.92 NOTE
r-release-macos-arm64 1.1.0 NOTE
r-release-macos-x86_64 1.1.0 NOTE
r-release-windows-ix86+x86_64 1.1.0 6.00 43.00 49.00 NOTE
r-oldrel-macos-x86_64 1.1.0 OK
r-oldrel-windows-ix86+x86_64 1.1.0 7.00 55.00 62.00 OK

Check Details

Version: 1.1.0
Check: LazyData
Result: NOTE
     'LazyData' is specified without a 'data' directory
Flavors: r-devel-linux-x86_64-debian-clang, r-devel-linux-x86_64-debian-gcc, r-devel-linux-x86_64-fedora-clang, r-devel-linux-x86_64-fedora-gcc, r-devel-windows-x86_64-new-UL, r-devel-windows-x86_64-new-TK, r-devel-windows-x86_64-old, r-patched-linux-x86_64, r-patched-solaris-x86, r-release-linux-x86_64, r-release-macos-arm64, r-release-macos-x86_64, r-release-windows-ix86+x86_64