CRAN Package Check Results for Package feamiR

Last updated on 2022-01-28 23:00:35 CET.

Flavor Version Tinstall Tcheck Ttotal Status Flags
r-devel-linux-x86_64-debian-clang 0.1.0 3.60 105.69 109.29 NOTE
r-devel-linux-x86_64-debian-gcc 0.1.0 3.22 79.59 82.81 NOTE
r-devel-linux-x86_64-fedora-clang 0.1.0 111.94 NOTE
r-devel-linux-x86_64-fedora-gcc 0.1.0 99.91 NOTE
r-devel-windows-x86_64-new-UL 0.1.0 40.00 123.00 163.00 NOTE
r-devel-windows-x86_64-new-TK 0.1.0 NOTE
r-patched-linux-x86_64 0.1.0 4.68 79.11 83.79 NOTE
r-release-linux-x86_64 0.1.0 3.68 81.00 84.68 NOTE
r-release-macos-arm64 0.1.0 NOTE
r-release-macos-x86_64 0.1.0 NOTE
r-release-windows-ix86+x86_64 0.1.0 9.00 95.00 104.00 NOTE
r-oldrel-macos-x86_64 0.1.0 OK
r-oldrel-windows-ix86+x86_64 0.1.0 9.00 95.00 104.00 OK

Check Details

Version: 0.1.0
Check: LazyData
Result: NOTE
     'LazyData' is specified without a 'data' directory
Flavors: r-devel-linux-x86_64-debian-clang, r-devel-linux-x86_64-debian-gcc, r-devel-linux-x86_64-fedora-clang, r-devel-linux-x86_64-fedora-gcc, r-devel-windows-x86_64-new-UL, r-devel-windows-x86_64-new-TK, r-patched-linux-x86_64, r-release-linux-x86_64, r-release-macos-arm64, r-release-macos-x86_64, r-release-windows-ix86+x86_64