CRAN Package Check Results for Package fic

Last updated on 2022-01-21 23:01:49 CET.

Flavor Version Tinstall Tcheck Ttotal Status Flags
r-devel-linux-x86_64-debian-clang 1.0.0 10.64 187.01 197.65 OK
r-devel-linux-x86_64-debian-gcc 1.0.0 9.73 139.96 149.69 OK
r-devel-linux-x86_64-fedora-clang 1.0.0 246.55 NOTE
r-devel-linux-x86_64-fedora-gcc 1.0.0 233.93 NOTE
r-devel-windows-x86_64-new-UL 1.0.0 46.00 320.00 366.00 OK
r-devel-windows-x86_64-new-TK 1.0.0 NOTE
r-patched-linux-x86_64 1.0.0 11.30 192.83 204.13 OK
r-release-linux-x86_64 1.0.0 10.96 193.29 204.25 OK
r-release-macos-arm64 1.0.0 NOTE
r-release-macos-x86_64 1.0.0 NOTE
r-release-windows-ix86+x86_64 1.0.0 24.00 266.00 290.00 OK
r-oldrel-macos-x86_64 1.0.0 NOTE
r-oldrel-windows-ix86+x86_64 1.0.0 25.00 268.00 293.00 OK

Check Details

Version: 1.0.0
Check: dependencies in R code
Result: NOTE
    Namespace in Imports field not imported from: ‘numDeriv’
     All declared Imports should be used.
Flavors: r-devel-linux-x86_64-fedora-clang, r-devel-linux-x86_64-fedora-gcc, r-devel-windows-x86_64-new-TK, r-release-macos-arm64, r-release-macos-x86_64, r-oldrel-macos-x86_64