CRAN Package Check Results for Package fields

Last updated on 2022-06-30 22:55:30 CEST.

Flavor Version Tinstall Tcheck Ttotal Status Flags
r-devel-linux-x86_64-debian-clang 13.3 24.85 296.98 321.83 NOTE
r-devel-linux-x86_64-debian-gcc 13.3 19.13 218.40 237.53 NOTE
r-devel-linux-x86_64-fedora-clang 13.3 381.11 NOTE
r-devel-linux-x86_64-fedora-gcc 13.3 398.86 NOTE
r-devel-windows-x86_64 13.3 84.00 324.00 408.00 NOTE
r-patched-linux-x86_64 13.3 26.42 281.57 307.99 OK
r-release-linux-x86_64 13.3 21.08 281.27 302.35 OK
r-release-macos-arm64 13.3 109.00 OK
r-release-macos-x86_64 13.3 209.00 OK
r-release-windows-x86_64 13.3 98.00 330.00 428.00 OK
r-oldrel-macos-arm64 13.3 96.00 OK
r-oldrel-macos-x86_64 13.3 155.00 OK
r-oldrel-windows-ix86+x86_64 13.3 50.00 531.00 581.00 OK

Check Details

Version: 13.3
Check: Rd files
Result: NOTE
    checkRd: (-1) Exponential.Rd:86: Escaped LaTeX specials: \^
    checkRd: (-1) image.cov.Rd:89: Escaped LaTeX specials: \$
    checkRd: (-1) image.cov.Rd:122: Escaped LaTeX specials: \$ \$
    checkRd: (-1) interp.surface.Rd:54: Escaped LaTeX specials: \$
    checkRd: (-1) predict.Krig.Rd:77: Escaped LaTeX specials: \$
    checkRd: (-1) predict.Krig.Rd:95: Escaped LaTeX specials: \$
Flavors: r-devel-linux-x86_64-debian-clang, r-devel-linux-x86_64-debian-gcc, r-devel-linux-x86_64-fedora-clang, r-devel-linux-x86_64-fedora-gcc, r-devel-windows-x86_64