CRAN Package Check Results for Package filehash

Last updated on 2022-01-25 22:56:56 CET.

Flavor Version Tinstall Tcheck Ttotal Status Flags
r-devel-linux-x86_64-debian-clang 2.4-2 5.14 45.62 50.76 NOTE
r-devel-linux-x86_64-debian-gcc 2.4-2 4.32 35.60 39.92 NOTE
r-devel-linux-x86_64-fedora-clang 2.4-2 63.34 NOTE
r-devel-linux-x86_64-fedora-gcc 2.4-2 52.62 NOTE
r-devel-windows-x86_64-new-UL 2.4-2 91.00 86.00 177.00 OK
r-devel-windows-x86_64-new-TK 2.4-2 OK
r-patched-linux-x86_64 2.4-2 5.17 43.56 48.73 NOTE
r-release-linux-x86_64 2.4-2 4.57 43.60 48.17 NOTE
r-release-macos-arm64 2.4-2 OK
r-release-macos-x86_64 2.4-2 OK
r-release-windows-ix86+x86_64 2.4-2 17.00 54.00 71.00 OK
r-oldrel-macos-x86_64 2.4-2 OK
r-oldrel-windows-ix86+x86_64 2.4-2 26.00 53.00 79.00 OK

Check Details

Version: 2.4-2
Check: for non-standard things in the check directory
Result: NOTE
    Found the following files/directories:
     'dataframe.dump' 'list.dump' 'myDB'
Flavors: r-devel-linux-x86_64-debian-clang, r-devel-linux-x86_64-debian-gcc, r-devel-linux-x86_64-fedora-clang, r-devel-linux-x86_64-fedora-gcc, r-patched-linux-x86_64, r-release-linux-x86_64