Last updated on 2023-05-28 22:00:10 CEST.
Flavor | Version | Tinstall | Tcheck | Ttotal | Status | Flags |
---|---|---|---|---|---|---|
r-devel-linux-x86_64-debian-clang | 0.29 | 6.49 | 26.83 | 33.32 | NOTE | |
r-devel-linux-x86_64-debian-gcc | 0.29 | 4.75 | 21.52 | 26.27 | NOTE | |
r-devel-linux-x86_64-fedora-clang | 0.29 | 44.63 | NOTE | |||
r-devel-linux-x86_64-fedora-gcc | 0.29 | 39.99 | NOTE | |||
r-devel-windows-x86_64 | 0.29 | 8.00 | 53.00 | 61.00 | NOTE | |
r-patched-linux-x86_64 | 0.29 | 6.43 | 26.85 | 33.28 | NOTE | |
r-release-linux-x86_64 | 0.29 | 5.84 | 26.63 | 32.47 | NOTE | |
r-release-macos-arm64 | 0.29 | 21.00 | NOTE | |||
r-release-macos-x86_64 | 0.29 | 28.00 | NOTE | |||
r-release-windows-x86_64 | 0.29 | 7.00 | 55.00 | 62.00 | NOTE | |
r-oldrel-macos-arm64 | 0.29 | 43.00 | OK | |||
r-oldrel-macos-x86_64 | 0.29 | 27.00 | OK | |||
r-oldrel-windows-x86_64 | 0.29 | 14.00 | 58.00 | 72.00 | OK |
Version: 0.29
Check: C++ specification
Result: NOTE
Specified C++11: please drop specification unless essential
Flavors: r-devel-linux-x86_64-debian-clang, r-devel-linux-x86_64-debian-gcc, r-devel-linux-x86_64-fedora-clang, r-devel-linux-x86_64-fedora-gcc, r-devel-windows-x86_64, r-patched-linux-x86_64, r-release-linux-x86_64, r-release-macos-arm64, r-release-macos-x86_64, r-release-windows-x86_64
Version: 0.29
Check: compiled code
Result: NOTE
File ‘fishMod/libs/fishMod.so’:
Found no calls to: ‘R_registerRoutines’, ‘R_useDynamicSymbols’
It is good practice to register native routines and to disable symbol
search.
See ‘Writing portable packages’ in the ‘Writing R Extensions’ manual.
Flavors: r-devel-linux-x86_64-fedora-clang, r-devel-linux-x86_64-fedora-gcc