CRAN Package Check Results for Package fitHeavyTail

Last updated on 2022-05-19 22:54:10 CEST.

Flavor Version Tinstall Tcheck Ttotal Status Flags
r-devel-linux-x86_64-debian-clang 0.1.4 8.73 214.03 222.76 OK
r-devel-linux-x86_64-debian-gcc 0.1.4 8.32 145.67 153.99 OK
r-devel-linux-x86_64-fedora-clang 0.1.4 253.12 OK
r-devel-linux-x86_64-fedora-gcc 0.1.4 276.37 OK
r-devel-windows-x86_64 0.1.4 22.00 202.00 224.00 OK
r-patched-linux-x86_64 0.1.4 11.83 206.03 217.86 OK
r-release-linux-x86_64 0.1.4 8.03 206.17 214.20 OK
r-release-macos-arm64 0.1.4 60.00 OK
r-release-macos-x86_64 0.1.4 87.00 ERROR
r-release-windows-x86_64 0.1.4 27.00 196.00 223.00 OK
r-oldrel-macos-arm64 0.1.4 58.00 OK
r-oldrel-macos-x86_64 0.1.4 83.00 ERROR
r-oldrel-windows-ix86+x86_64 0.1.4 25.00 229.00 254.00 OK

Check Details

Version: 0.1.4
Check: tests
Result: ERROR
     Running ‘testthat.R’ [30s/30s]
    Running the tests in ‘tests/testthat.R’ failed.
    Last 13 lines of output:
     > library(testthat)
     > library(fitHeavyTail)
     >
     > test_check("fitHeavyTail")
     [ FAIL 1 | WARN 0 | SKIP 0 | PASS 71 ]
    
     ══ Failed tests ════════════════════════════════════════════════════════════════
     ── Failure (test-fit_mvst.R:43:3): default mode works ──────────────────────────
     ...[] not equal to ...[].
     Component "num_iterations": Mean relative difference: 0.002739726
    
     [ FAIL 1 | WARN 0 | SKIP 0 | PASS 71 ]
     Error: Test failures
     Execution halted
Flavor: r-release-macos-x86_64

Version: 0.1.4
Check: tests
Result: ERROR
     Running ‘testthat.R’ [28s/28s]
    Running the tests in ‘tests/testthat.R’ failed.
    Last 13 lines of output:
     > library(testthat)
     > library(fitHeavyTail)
     >
     > test_check("fitHeavyTail")
     [ FAIL 1 | WARN 0 | SKIP 0 | PASS 71 ]
    
     ══ Failed tests ════════════════════════════════════════════════════════════════
     ── Failure (test-fit_mvst.R:43:3): default mode works ──────────────────────────
     ...[] not equal to ...[].
     Component "num_iterations": Mean relative difference: 0.002739726
    
     [ FAIL 1 | WARN 0 | SKIP 0 | PASS 71 ]
     Error: Test failures
     Execution halted
Flavor: r-oldrel-macos-x86_64