CRAN Package Check Results for Package fivethirtyeight

Last updated on 2024-02-20 23:53:54 CET.

Flavor Version Tinstall Tcheck Ttotal Status Flags
r-devel-linux-x86_64-debian-clang 0.6.2 NOTE
r-devel-linux-x86_64-debian-gcc 0.6.2 6.58 55.52 62.10 NOTE
r-devel-linux-x86_64-fedora-clang 0.6.2 100.25 NOTE
r-devel-linux-x86_64-fedora-gcc 0.6.2 108.83 NOTE
r-devel-windows-x86_64 0.6.2 13.00 100.00 113.00 NOTE
r-patched-linux-x86_64 0.6.2 12.16 70.62 82.78 NOTE
r-release-linux-x86_64 0.6.2 7.55 70.33 77.88 NOTE
r-release-macos-arm64 0.6.2 51.00 NOTE
r-release-macos-x86_64 0.6.2 71.00 NOTE
r-release-windows-x86_64 0.6.2 12.00 113.00 125.00 NOTE
r-oldrel-macos-arm64 0.6.2 41.00 NOTE
r-oldrel-windows-x86_64 0.6.2 17.00 96.00 113.00 NOTE

Check Details

Version: 0.6.2
Check: package dependencies
Result: NOTE Package suggested but not available for checking: ‘fivethirtyeightdata’ Flavors: r-devel-linux-x86_64-debian-clang, r-devel-linux-x86_64-debian-gcc, r-devel-linux-x86_64-fedora-clang, r-devel-linux-x86_64-fedora-gcc, r-devel-windows-x86_64, r-patched-linux-x86_64, r-release-linux-x86_64, r-release-macos-arm64, r-release-macos-x86_64, r-release-windows-x86_64, r-oldrel-macos-arm64, r-oldrel-windows-x86_64

Version: 0.6.2
Check: Rd files
Result: NOTE checkRd: (-1) food_world_cup.Rd:70: Lost braces in \itemize; meant \describe ? checkRd: (-1) food_world_cup.Rd:71: Lost braces in \itemize; meant \describe ? checkRd: (-1) food_world_cup.Rd:72: Lost braces in \itemize; meant \describe ? checkRd: (-1) food_world_cup.Rd:73: Lost braces in \itemize; meant \describe ? checkRd: (-1) food_world_cup.Rd:74: Lost braces in \itemize; meant \describe ? checkRd: (-1) food_world_cup.Rd:75: Lost braces in \itemize; meant \describe ? Flavors: r-devel-linux-x86_64-debian-clang, r-devel-linux-x86_64-debian-gcc

Version: 0.6.2
Check: Rd cross-references
Result: NOTE Package unavailable to check Rd xrefs: ‘fivethirtyeightdata’ Flavors: r-devel-linux-x86_64-debian-clang, r-devel-linux-x86_64-debian-gcc, r-devel-linux-x86_64-fedora-clang, r-devel-linux-x86_64-fedora-gcc, r-devel-windows-x86_64, r-patched-linux-x86_64, r-release-linux-x86_64, r-release-macos-arm64, r-release-macos-x86_64, r-release-windows-x86_64, r-oldrel-macos-arm64, r-oldrel-windows-x86_64

Version: 0.6.2
Check: data for non-ASCII characters
Result: NOTE Note: found 584 marked UTF-8 strings Flavors: r-devel-linux-x86_64-fedora-clang, r-devel-linux-x86_64-fedora-gcc

Version: 0.6.2
Check: installed package size
Result: NOTE installed size is 5.0Mb sub-directories of 1Mb or more: data 3.8Mb Flavors: r-devel-windows-x86_64, r-release-windows-x86_64, r-oldrel-windows-x86_64