CRAN Package Check Results for Package fixerapi

Last updated on 2022-05-19 22:54:10 CEST.

Flavor Version Tinstall Tcheck Ttotal Status Flags
r-devel-linux-x86_64-debian-clang 0.1.6 4.69 62.50 67.19 NOTE
r-devel-linux-x86_64-debian-gcc 0.1.6 4.14 46.85 50.99 NOTE
r-devel-linux-x86_64-fedora-clang 0.1.6 80.71 NOTE
r-devel-linux-x86_64-fedora-gcc 0.1.6 77.35 NOTE
r-devel-windows-x86_64 0.1.6 19.00 78.00 97.00 NOTE
r-patched-linux-x86_64 0.1.6 5.94 58.78 64.72 NOTE
r-release-linux-x86_64 0.1.6 4.41 58.59 63.00 NOTE
r-release-macos-arm64 0.1.6 23.00 NOTE
r-release-macos-x86_64 0.1.6 50.00 NOTE
r-release-windows-x86_64 0.1.6 16.00 76.00 92.00 NOTE
r-oldrel-macos-arm64 0.1.6 28.00 NOTE
r-oldrel-macos-x86_64 0.1.6 36.00 NOTE
r-oldrel-windows-ix86+x86_64 0.1.6 14.00 68.00 82.00 NOTE

Check Details

Version: 0.1.6
Check: LazyData
Result: NOTE
     'LazyData' is specified without a 'data' directory
Flavors: r-devel-linux-x86_64-debian-clang, r-devel-linux-x86_64-debian-gcc, r-devel-linux-x86_64-fedora-clang, r-devel-linux-x86_64-fedora-gcc, r-devel-windows-x86_64, r-patched-linux-x86_64, r-release-linux-x86_64, r-release-macos-arm64, r-release-macos-x86_64, r-release-windows-x86_64, r-oldrel-macos-arm64, r-oldrel-macos-x86_64, r-oldrel-windows-ix86+x86_64