CRAN Package Check Results for Package fixest

Last updated on 2021-12-06 21:51:13 CET.

Flavor Version Tinstall Tcheck Ttotal Status Flags
r-devel-linux-x86_64-debian-clang 0.10.1 120.00 294.33 414.33 OK
r-devel-linux-x86_64-debian-gcc 0.10.1 87.74 260.48 348.22 OK
r-devel-linux-x86_64-fedora-clang 0.10.1 545.28 NOTE
r-devel-linux-x86_64-fedora-gcc 0.10.1 568.75 OK
r-devel-windows-x86_64-new-UL 0.10.1 160.00 440.00 600.00 NOTE
r-devel-windows-x86_64-new-TK 0.10.1 OK
r-devel-windows-x86_64-old 0.10.1 149.00 247.00 396.00 NOTE
r-patched-linux-x86_64 0.10.1 103.43 270.44 373.87 OK
r-release-linux-x86_64 0.10.1 109.03 289.41 398.44 OK
r-release-macos-arm64 0.10.1 NOTE
r-release-macos-x86_64 0.10.1 NOTE
r-release-windows-ix86+x86_64 0.10.1 244.00 432.00 676.00 NOTE
r-oldrel-macos-x86_64 0.10.1 NOTE
r-oldrel-windows-ix86+x86_64 0.10.1 249.00 399.00 648.00 NOTE

Check Details

Version: 0.10.1
Check: installed package size
Result: NOTE
     installed size is 11.3Mb
     sub-directories of 1Mb or more:
     R 1.2Mb
     doc 4.1Mb
     libs 5.1Mb
Flavors: r-devel-linux-x86_64-fedora-clang, r-devel-windows-x86_64-new-UL, r-devel-windows-x86_64-old, r-release-macos-arm64, r-release-macos-x86_64, r-release-windows-ix86+x86_64, r-oldrel-macos-x86_64, r-oldrel-windows-ix86+x86_64