CRAN Package Check Results for Package flars

Last updated on 2021-12-06 21:51:13 CET.

Flavor Version Tinstall Tcheck Ttotal Status Flags
r-devel-linux-x86_64-debian-clang 1.0 44.30 102.62 146.92 OK
r-devel-linux-x86_64-debian-gcc 1.0 36.58 81.57 118.15 OK
r-devel-linux-x86_64-fedora-clang 1.0 198.72 NOTE
r-devel-linux-x86_64-fedora-gcc 1.0 185.82 NOTE
r-devel-windows-x86_64-new-UL 1.0 65.00 154.00 219.00 OK
r-devel-windows-x86_64-new-TK 1.0 OK
r-devel-windows-x86_64-old 1.0 158.00 105.00 263.00 OK
r-patched-linux-x86_64 1.0 40.10 92.66 132.76 OK
r-release-linux-x86_64 1.0 39.43 101.64 141.07 OK
r-release-macos-arm64 1.0 OK
r-release-macos-x86_64 1.0 OK
r-release-windows-ix86+x86_64 1.0 123.00 181.00 304.00 OK
r-oldrel-macos-x86_64 1.0 OK
r-oldrel-windows-ix86+x86_64 1.0 120.00 173.00 293.00 OK

Check Details

Version: 1.0
Check: compiled code
Result: NOTE
    File ‘flars/libs/flars.so’:
     Found no calls to: ‘R_registerRoutines’, ‘R_useDynamicSymbols’
    
    It is good practice to register native routines and to disable symbol
    search.
    
    See ‘Writing portable packages’ in the ‘Writing R Extensions’ manual.
Flavors: r-devel-linux-x86_64-fedora-clang, r-devel-linux-x86_64-fedora-gcc