CRAN Package Check Results for Package flatxml

Last updated on 2023-05-30 23:09:15 CEST.

Flavor Version Tinstall Tcheck Ttotal Status Flags
r-devel-linux-x86_64-debian-clang 0.1.1 2.78 46.15 48.93 NOTE
r-devel-linux-x86_64-debian-gcc 0.1.1 2.55 35.49 38.04 NOTE
r-devel-linux-x86_64-fedora-clang 0.1.1 60.70 NOTE
r-devel-linux-x86_64-fedora-gcc 0.1.1 57.82 NOTE
r-devel-windows-x86_64 0.1.1 5.00 63.00 68.00 NOTE
r-patched-linux-x86_64 0.1.1 2.57 44.61 47.18 NOTE
r-release-linux-x86_64 0.1.1 2.02 43.88 45.90 NOTE
r-release-macos-arm64 0.1.1 23.00 NOTE
r-release-macos-x86_64 0.1.1 31.00 NOTE
r-release-windows-x86_64 0.1.1 5.00 65.00 70.00 NOTE
r-oldrel-macos-arm64 0.1.1 18.00 NOTE
r-oldrel-macos-x86_64 0.1.1 28.00 NOTE
r-oldrel-windows-x86_64 0.1.1 6.00 66.00 72.00 NOTE

Check Details

Version: 0.1.1
Check: LazyData
Result: NOTE
     'LazyData' is specified without a 'data' directory
Flavors: r-devel-linux-x86_64-debian-clang, r-devel-linux-x86_64-debian-gcc, r-devel-linux-x86_64-fedora-clang, r-devel-linux-x86_64-fedora-gcc, r-devel-windows-x86_64, r-patched-linux-x86_64, r-release-linux-x86_64, r-release-macos-arm64, r-release-macos-x86_64, r-release-windows-x86_64, r-oldrel-macos-arm64, r-oldrel-macos-x86_64, r-oldrel-windows-x86_64

Version: 0.1.1
Check: dependencies in R code
Result: NOTE
    Namespace in Imports field not imported from: ‘RCurl’
     All declared Imports should be used.
Flavors: r-devel-linux-x86_64-fedora-clang, r-devel-linux-x86_64-fedora-gcc, r-oldrel-macos-arm64, r-oldrel-macos-x86_64