CRAN Package Check Results for Package flipscores

Last updated on 2022-01-18 22:47:24 CET.

Flavor Version Tinstall Tcheck Ttotal Status Flags
r-devel-linux-x86_64-debian-clang 1.1.0 3.28 45.45 48.73 OK
r-devel-linux-x86_64-debian-gcc 1.1.0 3.91 35.99 39.90 OK
r-devel-linux-x86_64-fedora-clang 1.1.0 61.09 OK
r-devel-linux-x86_64-fedora-gcc 1.1.0 49.55 OK
r-devel-windows-x86_64-new-UL 1.1.0 41.00 64.00 105.00 OK
r-devel-windows-x86_64-new-TK 1.1.0 ERROR
r-patched-linux-x86_64 1.1.0 3.41 44.24 47.65 OK
r-release-linux-x86_64 1.1.0 OK
r-release-macos-arm64 1.1.0 OK
r-release-macos-x86_64 1.1.0 OK
r-release-windows-ix86+x86_64 1.1.0 12.00 58.00 70.00 OK
r-oldrel-macos-x86_64 1.1.0 OK
r-oldrel-windows-ix86+x86_64 1.1.0 11.00 56.00 67.00 OK

Check Details

Version: 1.1.0
Check: package dependencies
Result: ERROR
    Package required but not available: 'car'
    
    See section 'The DESCRIPTION file' in the 'Writing R Extensions'
    manual.
Flavor: r-devel-windows-x86_64-new-TK