CRAN Package Check Results for Package foieGras

Last updated on 2021-12-07 22:59:30 CET.

Flavor Version Tinstall Tcheck Ttotal Status Flags
r-devel-linux-x86_64-debian-clang 0.7-6 158.30 476.29 634.59 OK
r-devel-linux-x86_64-debian-gcc 0.7-6 130.45 355.95 486.40 OK
r-devel-linux-x86_64-fedora-clang 0.7-6 793.74 NOTE
r-devel-linux-x86_64-fedora-gcc 0.7-6 841.16 OK
r-devel-windows-x86_64-new-UL 0.7-6 180.00 556.00 736.00 NOTE
r-devel-windows-x86_64-new-TK 0.7-6 OK
r-devel-windows-x86_64-old 0.7-6 180.00 548.00 728.00 NOTE
r-patched-linux-x86_64 0.7-6 148.14 454.44 602.58 OK
r-release-linux-x86_64 0.7-6 118.89 453.92 572.81 OK
r-release-macos-arm64 0.7-6 NOTE
r-release-macos-x86_64 0.7-6 NOTE
r-release-windows-ix86+x86_64 0.7-6 228.00 784.00 1012.00 NOTE
r-oldrel-macos-x86_64 0.7-6 NOTE
r-oldrel-windows-ix86+x86_64 0.7-6 314.00 835.00 1149.00 NOTE

Check Details

Version: 0.7-6
Check: installed package size
Result: NOTE
     installed size is 33.7Mb
     sub-directories of 1Mb or more:
     libs 32.6Mb
Flavors: r-devel-linux-x86_64-fedora-clang, r-devel-windows-x86_64-new-UL, r-devel-windows-x86_64-old, r-release-macos-arm64, r-release-macos-x86_64, r-release-windows-ix86+x86_64, r-oldrel-macos-x86_64, r-oldrel-windows-ix86+x86_64