CRAN Package Check Results for Package footBayes

Last updated on 2023-03-21 22:56:07 CET.

Flavor Version Tinstall Tcheck Ttotal Status Flags
r-devel-linux-x86_64-debian-clang 0.1.0 20.16 177.99 198.15 OK
r-devel-linux-x86_64-debian-gcc 0.1.0 17.76 131.89 149.65 OK
r-devel-linux-x86_64-fedora-clang 0.1.0 255.38 NOTE
r-devel-linux-x86_64-fedora-gcc 0.1.0 239.77 NOTE
r-devel-windows-x86_64 0.1.0 28.00 197.00 225.00 OK
r-patched-linux-x86_64 0.1.0 21.13 164.87 186.00 OK
r-release-linux-x86_64 0.1.0 19.88 166.40 186.28 OK
r-release-macos-arm64 0.1.0 66.00 NOTE
r-release-macos-x86_64 0.1.0 112.00 NOTE
r-release-windows-x86_64 0.1.0 41.00 204.00 245.00 OK
r-oldrel-macos-arm64 0.1.0 56.00 NOTE
r-oldrel-macos-x86_64 0.1.0 84.00 NOTE
r-oldrel-windows-ix86+x86_64 0.1.0 45.00 194.00 239.00 OK

Check Details

Version: 0.1.0
Check: dependencies in R code
Result: NOTE
    Namespace in Imports field not imported from: ‘tidyverse’
     All declared Imports should be used.
Flavors: r-devel-linux-x86_64-fedora-clang, r-devel-linux-x86_64-fedora-gcc, r-release-macos-arm64, r-release-macos-x86_64, r-oldrel-macos-arm64, r-oldrel-macos-x86_64