CRAN Package Check Results for Package footprint

Last updated on 2022-05-28 22:55:08 CEST.

Flavor Version Tinstall Tcheck Ttotal Status Flags
r-devel-linux-x86_64-debian-clang 0.1 4.90 67.48 72.38 NOTE
r-devel-linux-x86_64-debian-gcc 0.1 2.72 50.08 52.80 NOTE
r-devel-linux-x86_64-fedora-clang 0.1 85.92 NOTE
r-devel-linux-x86_64-fedora-gcc 0.1 82.37 NOTE
r-devel-windows-x86_64 0.1 14.00 83.00 97.00 NOTE
r-patched-linux-x86_64 0.1 4.06 63.14 67.20 NOTE
r-release-linux-x86_64 0.1 3.58 62.80 66.38 NOTE
r-release-macos-arm64 0.1 24.00 NOTE
r-release-macos-x86_64 0.1 47.00 NOTE
r-release-windows-x86_64 0.1 18.00 82.00 100.00 NOTE
r-oldrel-macos-arm64 0.1 28.00 NOTE
r-oldrel-macos-x86_64 0.1 46.00 NOTE
r-oldrel-windows-ix86+x86_64 0.1 13.00 76.00 89.00 NOTE

Check Details

Version: 0.1
Check: LazyData
Result: NOTE
     'LazyData' is specified without a 'data' directory
Flavors: r-devel-linux-x86_64-debian-clang, r-devel-linux-x86_64-debian-gcc, r-devel-linux-x86_64-fedora-clang, r-devel-linux-x86_64-fedora-gcc, r-devel-windows-x86_64, r-patched-linux-x86_64, r-release-linux-x86_64, r-release-macos-arm64, r-release-macos-x86_64, r-release-windows-x86_64, r-oldrel-macos-arm64, r-oldrel-macos-x86_64, r-oldrel-windows-ix86+x86_64