CRAN Package Check Results for Package foqat

Last updated on 2021-11-28 22:51:14 CET.

Flavor Version Tinstall Tcheck Ttotal Status Flags
r-devel-linux-x86_64-debian-clang 1.7.1 OK
r-devel-linux-x86_64-debian-gcc 1.7.1 8.25 59.18 67.43 OK
r-devel-linux-x86_64-fedora-clang 1.7.1 116.64 NOTE
r-devel-linux-x86_64-fedora-gcc 1.7.1 105.17 NOTE
r-devel-windows-x86_64-new-UL 1.7.1 20.00 117.00 137.00 OK
r-devel-windows-x86_64-new-TK 1.7.1 NOTE
r-devel-windows-x86_64-old 1.7.1 12.00 103.00 115.00 OK
r-patched-linux-x86_64 1.7.1 9.07 74.96 84.03 OK
r-patched-solaris-x86 1.7.1 144.50 NOTE
r-release-linux-x86_64 1.7.1 7.72 74.83 82.55 OK
r-release-macos-arm64 1.7.1 NOTE
r-release-macos-x86_64 1.7.1 NOTE
r-release-windows-ix86+x86_64 1.7.1 23.00 73.00 96.00 OK
r-oldrel-macos-x86_64 1.7.1 NOTE
r-oldrel-windows-ix86+x86_64 1.7.1 26.00 106.00 132.00 OK

Check Details

Version: 1.7.1
Check: dependencies in R code
Result: NOTE
    Namespace in Imports field not imported from: ‘ggprism’
     All declared Imports should be used.
Flavors: r-devel-linux-x86_64-fedora-clang, r-devel-linux-x86_64-fedora-gcc, r-devel-windows-x86_64-new-TK, r-patched-solaris-x86, r-release-macos-arm64, r-release-macos-x86_64, r-oldrel-macos-x86_64