CRAN Package Check Results for Package forecast

Last updated on 2021-12-04 22:59:34 CET.

Flavor Version Tinstall Tcheck Ttotal Status Flags
r-devel-linux-x86_64-debian-clang 8.15 124.05 390.41 514.46 OK
r-devel-linux-x86_64-debian-gcc 8.15 91.09 280.66 371.75 OK
r-devel-linux-x86_64-fedora-clang 8.15 652.84 OK
r-devel-linux-x86_64-fedora-gcc 8.15 618.78 OK
r-devel-windows-x86_64-new-UL 8.15 181.00 510.00 691.00 OK
r-devel-windows-x86_64-new-TK 8.15 OK
r-devel-windows-x86_64-old 8.15 165.00 337.00 502.00 OK
r-patched-linux-x86_64 8.15 116.78 362.53 479.31 OK
r-release-linux-x86_64 8.15 107.52 364.58 472.10 OK
r-release-macos-arm64 8.15 NOTE
r-release-macos-x86_64 8.15 OK
r-release-windows-ix86+x86_64 8.15 301.00 774.00 1075.00 OK
r-oldrel-macos-x86_64 8.15 OK
r-oldrel-windows-ix86+x86_64 8.15 298.00 769.00 1067.00 OK

Check Details

Version: 8.15
Check: installed package size
Result: NOTE
     installed size is 5.8Mb
     sub-directories of 1Mb or more:
     libs 4.2Mb
Flavor: r-release-macos-arm64