CRAN Package Check Results for Package forecastSNSTS

Last updated on 2021-12-01 22:53:11 CET.

Flavor Version Tinstall Tcheck Ttotal Status Flags
r-devel-linux-x86_64-debian-clang 1.3-0 31.63 32.61 64.24 NOTE
r-devel-linux-x86_64-debian-gcc 1.3-0 22.85 25.21 48.06 NOTE
r-devel-linux-x86_64-fedora-clang 1.3-0 106.98 NOTE
r-devel-linux-x86_64-fedora-gcc 1.3-0 86.53 NOTE
r-devel-windows-x86_64-new-UL 1.3-0 46.00 98.00 144.00 NOTE
r-devel-windows-x86_64-new-TK 1.3-0 NOTE
r-devel-windows-x86_64-old 1.3-0 44.00 49.00 93.00 NOTE
r-patched-linux-x86_64 1.3-0 31.26 31.51 62.77 NOTE
r-patched-solaris-x86 1.3-0 94.30 NOTE
r-release-linux-x86_64 1.3-0 28.18 31.29 59.47 NOTE
r-release-macos-arm64 1.3-0 NOTE
r-release-macos-x86_64 1.3-0 NOTE
r-release-windows-ix86+x86_64 1.3-0 86.00 85.00 171.00 NOTE
r-oldrel-macos-x86_64 1.3-0 OK
r-oldrel-windows-ix86+x86_64 1.3-0 84.00 79.00 163.00 OK

Check Details

Version: 1.3-0
Check: LazyData
Result: NOTE
     'LazyData' is specified without a 'data' directory
Flavors: r-devel-linux-x86_64-debian-clang, r-devel-linux-x86_64-debian-gcc, r-devel-linux-x86_64-fedora-clang, r-devel-linux-x86_64-fedora-gcc, r-devel-windows-x86_64-new-UL, r-devel-windows-x86_64-new-TK, r-devel-windows-x86_64-old, r-patched-linux-x86_64, r-patched-solaris-x86, r-release-linux-x86_64, r-release-macos-arm64, r-release-macos-x86_64, r-release-windows-ix86+x86_64