CRAN Package Check Results for Package forestecology

Last updated on 2021-12-06 21:51:14 CET.

Flavor Version Tinstall Tcheck Ttotal Status Flags
r-devel-linux-x86_64-debian-clang 0.2.0 12.25 153.79 166.04 OK
r-devel-linux-x86_64-debian-gcc 0.2.0 9.41 113.95 123.36 OK
r-devel-linux-x86_64-fedora-clang 0.2.0 196.99 NOTE
r-devel-linux-x86_64-fedora-gcc 0.2.0 194.81 NOTE
r-devel-windows-x86_64-new-UL 0.2.0 24.00 213.00 237.00 OK
r-devel-windows-x86_64-new-TK 0.2.0 NOTE
r-devel-windows-x86_64-old 0.2.0 18.00 126.00 144.00 OK
r-patched-linux-x86_64 0.2.0 11.01 133.98 144.99 OK
r-release-linux-x86_64 0.2.0 10.52 142.15 152.67 OK
r-release-macos-arm64 0.2.0 NOTE
r-release-macos-x86_64 0.2.0 NOTE
r-release-windows-ix86+x86_64 0.2.0 24.00 172.00 196.00 OK
r-oldrel-macos-x86_64 0.2.0 NOTE
r-oldrel-windows-ix86+x86_64 0.2.0 25.00 180.00 205.00 OK

Check Details

Version: 0.2.0
Check: dependencies in R code
Result: NOTE
    Namespaces in Imports field not imported from:
     ‘blockCV’ ‘patchwork’
     All declared Imports should be used.
Flavors: r-devel-linux-x86_64-fedora-clang, r-devel-linux-x86_64-fedora-gcc, r-devel-windows-x86_64-new-TK, r-release-macos-arm64, r-release-macos-x86_64, r-oldrel-macos-x86_64