CRAN Package Check Results for Package formula.tools

Last updated on 2024-02-20 23:53:54 CET.

Flavor Version Tinstall Tcheck Ttotal Status Flags
r-devel-linux-x86_64-debian-clang 1.7.1 NOTE
r-devel-linux-x86_64-debian-gcc 1.7.1 2.56 24.14 26.70 NOTE
r-devel-linux-x86_64-fedora-clang 1.7.1 43.74 NOTE
r-devel-linux-x86_64-fedora-gcc 1.7.1 44.01 NOTE
r-devel-windows-x86_64 1.7.1 4.00 46.00 50.00 NOTE
r-patched-linux-x86_64 1.7.1 3.64 30.79 34.43 NOTE
r-release-linux-x86_64 1.7.1 2.82 30.76 33.58 NOTE
r-release-macos-arm64 1.7.1 22.00 NOTE
r-release-macos-x86_64 1.7.1 26.00 NOTE
r-release-windows-x86_64 1.7.1 5.00 49.00 54.00 NOTE
r-oldrel-macos-arm64 1.7.1 21.00 NOTE
r-oldrel-windows-x86_64 1.7.1 5.00 51.00 56.00 NOTE

Check Details

Version: 1.7.1
Check: LazyData
Result: NOTE 'LazyData' is specified without a 'data' directory Flavors: r-devel-linux-x86_64-debian-clang, r-devel-linux-x86_64-debian-gcc, r-devel-linux-x86_64-fedora-clang, r-devel-linux-x86_64-fedora-gcc, r-devel-windows-x86_64, r-patched-linux-x86_64, r-release-linux-x86_64, r-release-macos-arm64, r-release-macos-x86_64, r-release-windows-x86_64, r-oldrel-macos-arm64, r-oldrel-windows-x86_64