CRAN Package Check Results for Package fpp3

Last updated on 2022-05-26 22:53:35 CEST.

Flavor Version Tinstall Tcheck Ttotal Status Flags
r-devel-linux-x86_64-debian-clang 0.4.0 8.63 85.70 94.33 OK
r-devel-linux-x86_64-debian-gcc 0.4.0 7.09 73.81 80.90 OK
r-devel-linux-x86_64-fedora-clang 0.4.0 109.80 NOTE
r-devel-linux-x86_64-fedora-gcc 0.4.0 108.06 NOTE
r-devel-windows-x86_64 0.4.0 22.00 100.00 122.00 OK
r-patched-linux-x86_64 0.4.0 8.50 79.66 88.16 OK
r-release-linux-x86_64 0.4.0 8.85 81.46 90.31 OK
r-release-macos-arm64 0.4.0 31.00 NOTE
r-release-macos-x86_64 0.4.0 66.00 NOTE
r-release-windows-x86_64 0.4.0 21.00 102.00 123.00 OK
r-oldrel-macos-arm64 0.4.0 38.00 NOTE
r-oldrel-macos-x86_64 0.4.0 55.00 NOTE
r-oldrel-windows-ix86+x86_64 0.4.0 22.00 94.00 116.00 OK

Check Details

Version: 0.4.0
Check: dependencies in R code
Result: NOTE
    Namespaces in Imports field not imported from:
     ‘dplyr’ ‘fable’ ‘fabletools’ ‘feasts’ ‘ggplot2’ ‘lubridate’ ‘tibble’
     ‘tidyr’ ‘tsibble’ ‘tsibbledata’ ‘urca’
     All declared Imports should be used.
Flavors: r-devel-linux-x86_64-fedora-clang, r-devel-linux-x86_64-fedora-gcc, r-release-macos-arm64, r-release-macos-x86_64, r-oldrel-macos-arm64, r-oldrel-macos-x86_64