CRAN Package Check Results for Package fpp3

Last updated on 2021-11-28 22:51:15 CET.

Flavor Version Tinstall Tcheck Ttotal Status Flags
r-devel-linux-x86_64-debian-clang 0.4.0 OK
r-devel-linux-x86_64-debian-gcc 0.4.0 5.85 51.74 57.59 OK
r-devel-linux-x86_64-fedora-clang 0.4.0 102.95 NOTE
r-devel-linux-x86_64-fedora-gcc 0.4.0 89.13 NOTE
r-devel-windows-x86_64-new-UL 0.4.0 17.00 107.00 124.00 OK
r-devel-windows-x86_64-new-TK 0.4.0 NOTE
r-devel-windows-x86_64-old 0.4.0 13.00 90.00 103.00 OK
r-patched-linux-x86_64 0.4.0 7.36 64.46 71.82 OK
r-patched-solaris-x86 0.4.0 129.10 NOTE
r-release-linux-x86_64 0.4.0 6.30 64.03 70.33 OK
r-release-macos-arm64 0.4.0 NOTE
r-release-macos-x86_64 0.4.0 NOTE
r-release-windows-ix86+x86_64 0.4.0 20.00 67.00 87.00 OK
r-oldrel-macos-x86_64 0.4.0 NOTE
r-oldrel-windows-ix86+x86_64 0.4.0 20.00 99.00 119.00 OK

Check Details

Version: 0.4.0
Check: dependencies in R code
Result: NOTE
    Namespaces in Imports field not imported from:
     ‘dplyr’ ‘fable’ ‘fabletools’ ‘feasts’ ‘ggplot2’ ‘lubridate’ ‘tibble’
     ‘tidyr’ ‘tsibble’ ‘tsibbledata’ ‘urca’
     All declared Imports should be used.
Flavors: r-devel-linux-x86_64-fedora-clang, r-devel-linux-x86_64-fedora-gcc, r-devel-windows-x86_64-new-TK, r-patched-solaris-x86, r-release-macos-arm64, r-release-macos-x86_64, r-oldrel-macos-x86_64