CRAN Package Check Results for Package fractD

Last updated on 2021-11-30 22:54:31 CET.

Flavor Version Tinstall Tcheck Ttotal Status Flags
r-devel-linux-x86_64-debian-clang 0.1.0 2.69 48.95 51.64 NOTE
r-devel-linux-x86_64-debian-gcc 0.1.0 1.93 42.86 44.79 NOTE
r-devel-linux-x86_64-fedora-clang 0.1.0 74.98 NOTE
r-devel-linux-x86_64-fedora-gcc 0.1.0 65.66 NOTE
r-devel-windows-x86_64-new-UL 0.1.0 7.00 95.00 102.00 NOTE
r-devel-windows-x86_64-new-TK 0.1.0 NOTE
r-devel-windows-x86_64-old 0.1.0 5.00 65.00 70.00 NOTE
r-patched-linux-x86_64 0.1.0 2.60 48.22 50.82 NOTE
r-patched-solaris-x86 0.1.0 49.40 NOTE
r-release-linux-x86_64 0.1.0 2.66 49.17 51.83 NOTE
r-release-macos-arm64 0.1.0 NOTE
r-release-macos-x86_64 0.1.0 NOTE
r-release-windows-ix86+x86_64 0.1.0 6.00 61.00 67.00 NOTE
r-oldrel-macos-x86_64 0.1.0 OK
r-oldrel-windows-ix86+x86_64 0.1.0 4.00 57.00 61.00 OK

Check Details

Version: 0.1.0
Check: LazyData
Result: NOTE
     'LazyData' is specified without a 'data' directory
Flavors: r-devel-linux-x86_64-debian-clang, r-devel-linux-x86_64-debian-gcc, r-devel-linux-x86_64-fedora-clang, r-devel-linux-x86_64-fedora-gcc, r-devel-windows-x86_64-new-UL, r-devel-windows-x86_64-new-TK, r-devel-windows-x86_64-old, r-patched-linux-x86_64, r-patched-solaris-x86, r-release-linux-x86_64, r-release-macos-arm64, r-release-macos-x86_64, r-release-windows-ix86+x86_64