CRAN Package Check Results for Package framecleaner

Last updated on 2022-01-20 22:54:03 CET.

Flavor Version Tinstall Tcheck Ttotal Status Flags
r-devel-linux-x86_64-debian-clang 0.2.0 OK
r-devel-linux-x86_64-debian-gcc 0.2.0 2.29 33.64 35.93 OK
r-devel-linux-x86_64-fedora-clang 0.2.0 57.66 OK
r-devel-linux-x86_64-fedora-gcc 0.2.0 45.57 OK
r-devel-windows-x86_64-new-UL 0.2.0 133.00 74.00 207.00 OK
r-devel-windows-x86_64-new-TK 0.2.0 OK
r-patched-linux-x86_64 0.2.0 3.15 41.55 44.70 OK
r-release-linux-x86_64 0.2.0 2.19 41.10 43.29 OK
r-release-macos-arm64 0.2.0 OK
r-release-macos-x86_64 0.2.0 OK
r-release-windows-ix86+x86_64 0.2.0 7.00 56.00 63.00 OK
r-oldrel-macos-x86_64 0.2.0 OK
r-oldrel-windows-ix86+x86_64 0.2.0 1.00 9.00 10.00 ERROR

Check Details

Version: 0.2.0
Check: whether package can be installed
Result: ERROR
    Installation failed.
Flavor: r-oldrel-windows-ix86+x86_64