CRAN Package Check Results for Package friends

Last updated on 2021-12-08 22:57:36 CET.

Flavor Version Tinstall Tcheck Ttotal Status Flags
r-devel-linux-x86_64-debian-clang 0.1.0 4.38 38.19 42.57 OK
r-devel-linux-x86_64-debian-gcc 0.1.0 3.63 30.17 33.80 OK
r-devel-linux-x86_64-fedora-clang 0.1.0 54.03 NOTE
r-devel-linux-x86_64-fedora-gcc 0.1.0 45.03 NOTE
r-devel-windows-x86_64-new-UL 0.1.0 11.00 65.00 76.00 OK
r-devel-windows-x86_64-new-TK 0.1.0 NOTE
r-devel-windows-x86_64-old 0.1.0 8.00 48.00 56.00 OK
r-patched-linux-x86_64 0.1.0 4.01 37.06 41.07 OK
r-release-linux-x86_64 0.1.0 4.29 36.89 41.18 OK
r-release-macos-arm64 0.1.0 NOTE
r-release-macos-x86_64 0.1.0 NOTE
r-release-windows-ix86+x86_64 0.1.0 7.00 47.00 54.00 OK
r-oldrel-macos-x86_64 0.1.0 NOTE
r-oldrel-windows-ix86+x86_64 0.1.0 10.00 47.00 57.00 OK

Check Details

Version: 0.1.0
Check: data for non-ASCII characters
Result: NOTE
     Note: found 50 marked UTF-8 strings
Flavors: r-devel-linux-x86_64-fedora-clang, r-devel-linux-x86_64-fedora-gcc, r-devel-windows-x86_64-new-TK, r-release-macos-arm64, r-release-macos-x86_64, r-oldrel-macos-x86_64