CRAN Package Check Results for Package fromo

Last updated on 2022-05-23 22:58:14 CEST.

Flavor Version Tinstall Tcheck Ttotal Status Flags
r-devel-linux-x86_64-debian-clang 0.2.1 381.50 62.44 443.94 OK
r-devel-linux-x86_64-debian-gcc 0.2.1 295.74 51.64 347.38 OK
r-devel-linux-x86_64-fedora-clang 0.2.1 676.73 NOTE
r-devel-linux-x86_64-fedora-gcc 0.2.1 546.00 OK
r-devel-windows-x86_64 0.2.1 186.00 139.00 325.00 OK
r-patched-linux-x86_64 0.2.1 290.05 64.43 354.48 OK
r-release-linux-x86_64 0.2.1 OK
r-release-macos-arm64 0.2.1 143.00 NOTE
r-release-macos-x86_64 0.2.1 217.00 NOTE
r-release-windows-x86_64 0.2.1 181.00 143.00 324.00 OK
r-oldrel-macos-arm64 0.2.1 169.00 NOTE
r-oldrel-macos-x86_64 0.2.1 283.00 NOTE
r-oldrel-windows-ix86+x86_64 0.2.1 661.00 148.00 809.00 NOTE

Check Details

Version: 0.2.1
Check: installed package size
Result: NOTE
     installed size is 30.3Mb
     sub-directories of 1Mb or more:
     libs 29.8Mb
Flavors: r-devel-linux-x86_64-fedora-clang, r-release-macos-arm64, r-release-macos-x86_64, r-oldrel-macos-arm64, r-oldrel-macos-x86_64, r-oldrel-windows-ix86+x86_64