CRAN Package Check Results for Package fs

Last updated on 2021-12-04 22:59:34 CET.

Flavor Version Tinstall Tcheck Ttotal Status Flags
r-devel-linux-x86_64-debian-clang 1.5.1 57.90 49.94 107.84 NOTE
r-devel-linux-x86_64-debian-gcc 1.5.1 41.65 45.16 86.81 NOTE
r-devel-linux-x86_64-fedora-clang 1.5.1 170.02 NOTE
r-devel-linux-x86_64-fedora-gcc 1.5.1 162.18 NOTE
r-devel-windows-x86_64-new-UL 1.5.1 122.00 103.00 225.00 NOTE
r-devel-windows-x86_64-new-TK 1.5.0 NOTE
r-devel-windows-x86_64-old 1.5.1 94.00 69.00 163.00 NOTE
r-patched-linux-x86_64 1.5.1 50.64 47.15 97.79 NOTE
r-release-linux-x86_64 1.5.1 49.14 48.02 97.16 NOTE
r-release-macos-arm64 1.5.1 NOTE
r-release-macos-x86_64 1.5.1 NOTE
r-release-windows-ix86+x86_64 1.5.1 129.00 71.00 200.00 NOTE
r-oldrel-macos-x86_64 1.5.1 NOTE
r-oldrel-windows-ix86+x86_64 1.5.0 141.00 90.00 231.00 NOTE

Check Details

Version: 1.5.1
Check: for GNU extensions in Makefiles
Result: NOTE
    GNU make is a SystemRequirements.
Flavors: r-devel-linux-x86_64-debian-clang, r-devel-linux-x86_64-debian-gcc, r-devel-linux-x86_64-fedora-clang, r-devel-linux-x86_64-fedora-gcc, r-devel-windows-x86_64-new-UL, r-devel-windows-x86_64-old, r-patched-linux-x86_64, r-release-linux-x86_64, r-release-macos-arm64, r-release-macos-x86_64, r-release-windows-ix86+x86_64, r-oldrel-macos-x86_64

Version: 1.5.0
Check: LazyData
Result: NOTE
     'LazyData' is specified without a 'data' directory
Flavor: r-devel-windows-x86_64-new-TK

Version: 1.5.0
Check: for GNU extensions in Makefiles
Result: NOTE
    GNU make is a SystemRequirements.
Flavors: r-devel-windows-x86_64-new-TK, r-oldrel-windows-ix86+x86_64