CRAN Package Check Results for Package ftsa

Last updated on 2021-12-05 22:48:52 CET.

Flavor Version Tinstall Tcheck Ttotal Status Flags
r-devel-linux-x86_64-debian-clang 6.1 30.86 271.78 302.64 OK
r-devel-linux-x86_64-debian-gcc 6.1 24.10 201.48 225.58 OK
r-devel-linux-x86_64-fedora-clang 6.1 367.96 WARN
r-devel-linux-x86_64-fedora-gcc 6.1 352.47 WARN
r-devel-windows-x86_64-new-UL 6.1 56.00 428.00 484.00 OK
r-devel-windows-x86_64-new-TK 6.1 NOTE
r-devel-windows-x86_64-old 6.1 48.00 244.00 292.00 OK
r-patched-linux-x86_64 6.1 34.54 250.42 284.96 OK
r-release-linux-x86_64 6.1 31.36 260.07 291.43 OK
r-release-macos-arm64 6.1 OK
r-release-macos-x86_64 6.1 OK
r-release-windows-ix86+x86_64 6.1 63.00 320.00 383.00 OK
r-oldrel-macos-x86_64 6.1 OK
r-oldrel-windows-ix86+x86_64 6.1 65.00 325.00 390.00 OK

Check Details

Version: 6.1
Check: re-building of vignette outputs
Result: WARN
    Error(s) in re-building vignettes:
    --- re-building ‘ftsa.Rnw’ using Sweave
    Loading required package: forecast
    Loading required package: rainbow
    Loading required package: MASS
    Loading required package: pcaPP
    Loading required package: sde
    Loading required package: stats4
    Loading required package: fda
    Loading required package: splines
    Loading required package: Matrix
    Loading required package: fds
    Loading required package: RCurl
    Loading required package: deSolve
    
    Attaching package: ‘fda’
    
    The following object is masked from ‘package:forecast’:
    
     fourier
    
    The following object is masked from ‘package:graphics’:
    
     matplot
    
    Loading required package: zoo
    
    Attaching package: ‘zoo’
    
    The following objects are masked from ‘package:base’:
    
     as.Date, as.Date.numeric
    
    sde 2.0.15
    Companion package to the book
    ‘Simulation and Inference for Stochastic Differential Equations With R Examples’
    Iacus, Springer NY, (2008)
    To check the errata corrige of the book, type vignette("sde.errata")
    
    Attaching package: ‘ftsa’
    
    The following objects are masked from ‘package:stats’:
    
     sd, var
    
    Error: processing vignette 'ftsa.Rnw' failed with diagnostics:
    Running 'texi2dvi' on 'ftsa.tex' failed.
    LaTeX errors:
    ! Package xcolor Error: Undefined color `Blue'.
    
    See the xcolor package documentation for explanation.
    Type H <return> for immediate help.
     ...
    ! Package xcolor Error: Undefined color `Blue'.
    
    See the xcolor package documentation for explanation.
    Type H <return> for immediate help.
     ...
    ! Package xcolor Error: Undefined color `Blue'.
    
    See the xcolor package documentation for explanation.
    Type H <return> for immediate help.
     ...
    ! Package xcolor Error: Undefined color `Blue'.
    
    See the xcolor package documentation for explanation.
    Type H <return> for immediate help.
     ...
    ! Package xcolor Error: Undefined color `Blue'.
    
    See the xcolor package documentation for explanation.
    Type H <return> for immediate help.
     ...
    ! Package xcolor Error: Undefined color `Blue'.
    
    See the xcolor package documentation for explanation.
    Type H <return> for immediate help.
     ...
    ! Package xcolor Error: Undefined color `Blue'.
    
    See the xcolor package documentation for explanation.
    Type H <return> for immediate help.
     ...
    ! Package xcolor Error: Undefined color `Blue'.
    
    See the xcolor package documentation for explanation.
    Type H <return> for immediate help.
     ...
    ! Package xcolor Error: Undefined color `Blue'.
    
    See the xcolor package documentation for explanation.
    Type H <return> for immediate help.
     ...
    ! Package xcolor Error: Undefined color `Blue'.
    
    See the xcolor package documentation for explanation.
    Type H <return> for immediate help.
     ...
    ! Package xcolor Error: Undefined color `Blue'.
    
    See the xcolor package documentation for explanation.
    Type H <return> for immediate help.
     ...
    ! Package xcolor Error: Undefined color `Blue'.
    
    See the xcolor package documentation for explanation.
    Type H <return> for immediate help.
     ...
    ! Package xcolor Error: Undefined color `Blue'.
    
    See the xcolor package documentation for explanation.
    Type H <return> for immediate help.
     ...
    ! Package xcolor Error: Undefined color `Blue'.
    
    See the xcolor package documentation for explanation.
    Type H <return> for immediate help.
     ...
    ! Package xcolor Error: Undefined color `Blue'.
    
    See the xcolor package documentation for explanation.
    Type H <return> for immediate help.
     ...
    ! Package xcolor Error: Undefined color `Blue'.
    
    See the xcolor package documentation for explanation.
    Type H <return> for immediate help.
     ...
    ! Package xcolor Error: Undefined color `Blue'.
    
    See the xcolor package documentation for explanation.
    Type H <return> for immediate help.
     ...
    ! Package xcolor Error: Undefined color `Blue'.
    
    See the xcolor package documentation for explanation.
    Type H <return> for immediate help.
     ...
    ! Package xcolor Error: Undefined color `Blue'.
    
    See the xcolor package documentation for explanation.
    Type H <return> for immediate help.
     ...
    ! Package xcolor Error: Undefined color `Blue'.
    
    See the xcolor package documentation for explanation.
    Type H <return> for immediate help.
     ...
    ! Package xcolor Error: Undefined color `Blue'.
    
    See the xcolor package documentation for explanation.
    Type H <return> for immediate help.
     ...
    ! Package xcolor Error: Undefined color `Blue'.
    
    See the xcolor package documentation for explanation.
    Type H <return> for immediate help.
     ...
    ! Package xcolor Error: Undefined color `Blue'.
    
    See the xcolor package documentation for explanation.
    Type H <return> for immediate help.
     ...
    ! Package xcolor Error: Undefined color `Blue'.
    
    See the xcolor package documentation for explanation.
    Type H <return> for immediate help.
     ...
    ! Package xcolor Error: Undefined color `Blue'.
    
    See the xcolor package documentation for explanation.
    Type H <return> for immediate help.
     ...
    ! Package xcolor Error: Undefined color `Blue'.
    
    See the xcolor package documentation for explanation.
    Type H <return> for immediate help.
     ...
    ! Package xcolor Error: Undefined color `Blue'.
    
    See the xcolor package documentation for explanation.
    Type H <return> for immediate help.
     ...
    ! Package xcolor Error: Undefined color `Blue'.
    
    See the xcolor package documentation for explanation.
    Type H <return> for immediate help.
     ...
    ! Package xcolor Error: Undefined color `Blue'.
    
    See the xcolor package documentation for explanation.
    Type H <return> for immediate help.
     ...
    ! Package xcolor Error: Undefined color `Blue'.
    
    See the xcolor package documentation for explanation.
    Type H <return> for immediate help.
     ...
    ! Package xcolor Error: Undefined color `Blue'.
    
    See the xcolor package documentation for explanation.
    Type H <return> for immediate help.
     ...
    ! Package xcolor Error: Undefined color `Blue'.
    
    See the xcolor package documentation for explanation.
    Type H <return> for immediate help.
     ...
    ! Package xcolor Error: Undefined color `Blue'.
    
    See the xcolor package documentation for explanation.
    Type H <return> for immediate help.
     ...
    ! Package xcolor Error: Undefined color `Blue'.
    
    See the xcolor package documentation for explanation.
    Type H <return> for immediate help.
     ...
    ! Package xcolor Error: Undefined color `Blue'.
    
    See the xcolor package documentation for explanation.
    Type H <return> for immediate help.
     ...
    ! Package xcolor Error: Undefined color `Blue'.
    
    See the xcolor package documentation for explanation.
    Type H <return> for immediate help.
     ...
    ! Package xcolor Error: Undefined color `Blue'.
    
    See the xcolor package documentation for explanation.
    Type H <return> for immediate help.
     ...
    ! Package xcolor Error: Undefined color `Blue'.
    
    See the xcolor package documentation for explanation.
    Type H <return> for immediate help.
     ...
    ! Package xcolor Error: Undefined color `Blue'.
    
    See the xcolor package documentation for explanation.
    Type H <return> for immediate help.
     ...
    ! Package xcolor Error: Undefined color `Blue'.
    
    See the xcolor package documentation for explanation.
    Type H <return> for immediate help.
     ...
    ! Package xcolor Error: Undefined color `Blue'.
    
    See the xcolor package documentation for explanation.
    Type H <return> for immediate help.
     ...
    ! Package xcolor Error: Undefined color `Blue'.
    
    See the xcolor package documentation for explanation.
    Type H <return> for immediate help.
     ...
    ! Package xcolor Error: Undefined color `Blue'.
    
    See the xcolor package
    --- failed re-building ‘ftsa.Rnw’
    
    --- re-building ‘ftsa_test.Rnw’ using Sweave
    Error: processing vignette 'ftsa_test.Rnw' failed with diagnostics:
    Running 'texi2dvi' on 'ftsa_test.tex' failed.
    LaTeX errors:
    ! Package xcolor Error: Undefined color `Blue'.
    
    See the xcolor package documentation for explanation.
    Type H <return> for immediate help.
     ...
    ! Package xcolor Error: Undefined color `Blue'.
    
    See the xcolor package documentation for explanation.
    Type H <return> for immediate help.
     ...
    ! Package xcolor Error: Undefined color `Blue'.
    
    See the xcolor package documentation for explanation.
    Type H <return> for immediate help.
     ...
    ! Package xcolor Error: Undefined color `Blue'.
    
    See the xcolor package documentation for explanation.
    Type H <return> for immediate help.
     ...
    ! Package xcolor Error: Undefined color `Blue'.
    
    See the xcolor package documentation for explanation.
    Type H <return> for immediate help.
     ...
    ! Package xcolor Error: Undefined color `Blue'.
    
    See the xcolor package documentation for explanation.
    Type H <return> for immediate help.
     ...
    ! Package xcolor Error: Undefined color `Blue'.
    
    See the xcolor package documentation for explanation.
    Type H <return> for immediate help.
     ...
    ! Package xcolor Error: Undefined color `Blue'.
    
    See the xcolor package documentation for explanation.
    Type H <return> for immediate help.
     ...
    ! Package xcolor Error: Undefined color `Blue'.
    
    See the xcolor package documentation for explanation.
    Type H <return> for immediate help.
     ...
    ! Package xcolor Error: Undefined color `Blue'.
    
    See the xcolor package documentation for explanation.
    Type H <return> for immediate help.
     ...
    ! Package xcolor Error: Undefined color `Blue'.
    
    See the xcolor package documentation for explanation.
    Type H <return> for immediate help.
     ...
    ! Package xcolor Error: Undefined color `Blue'.
    
    See the xcolor package documentation for explanation.
    Type H <return> for immediate help.
     ...
    ! Package xcolor Error: Undefined color `Blue'.
    
    See the xcolor package documentation for explanation.
    Type H <return> for immediate help.
     ...
    ! Package xcolor Error: Undefined color `Blue'.
    
    See the xcolor package documentation for explanation.
    Type H <return> for immediate help.
     ...
    ! Package xcolor Error: Undefined color `Blue'.
    
    See the xcolor package documentation for explanation.
    Type H <return> for immediate help.
     ...
    ! Package xcolor Error: Undefined color `Blue'.
    
    See the xcolor package documentation for explanation.
    Type H <return> for immediate help.
     ...
    ! Package xcolor Error: Undefined color `Blue'.
    
    See the xcolor package documentation for explanation.
    Type H <return> for immediate help.
     ...
    ! Package xcolor Error: Undefined color `Blue'.
    
    See the xcolor package documentation for explanation.
    Type H <return> for immediate help.
     ...
    ! Package xcolor Error: Undefined color `Blue'.
    
    See the xcolor package documentation for explanation.
    Type H <return> for immediate help.
     ...
    ! Package xcolor Error: Undefined color `Blue'.
    
    See the xcolor package documentation for explanation.
    Type H <return> for immediate help.
     ...
    ! Package xcolor Error: Undefined color `Blue'.
    
    See the xcolor package documentation for explanation.
    Type H <return> for immediate help.
     ...
    ! Package xcolor Error: Undefined color `Blue'.
    
    See the xcolor package documentation for explanation.
    Type H <return> for immediate help.
     ...
    ! Package xcolor Error: Undefined color `Red'.
    
    See the xcolor package documentation for explanation.
    Type H <return> for immediate help.
     ...
    ! Package xcolor Error: Undefined color `Red'.
    
    See the xcolor package documentation for explanation.
    Type H <return> for immediate help.
     ...
    ! Package xcolor Error: Undefined color `Red'.
    
    See the xcolor package documentation for explanation.
    Type H <return> for immediate help.
     ...
    --- failed re-building ‘ftsa_test.Rnw’
    
    SUMMARY: processing the following files failed:
     ‘ftsa.Rnw’ ‘ftsa_test.Rnw’
    
    Error: Vignette re-building failed.
    Execution halted
Flavors: r-devel-linux-x86_64-fedora-clang, r-devel-linux-x86_64-fedora-gcc

Version: 6.1
Check: re-building of vignette outputs
Result: NOTE
    Error(s) in re-building vignettes:
    --- re-building 'ftsa.Rnw' using Sweave
    Loading required package: forecast
    Loading required package: rainbow
    Loading required package: MASS
    Loading required package: pcaPP
    Loading required package: sde
    Loading required package: stats4
    Loading required package: fda
    Loading required package: splines
    Loading required package: Matrix
    Loading required package: fds
    Loading required package: RCurl
    Loading required package: deSolve
    
    Attaching package: 'fda'
    
    The following object is masked from 'package:forecast':
    
     fourier
    
    The following object is masked from 'package:graphics':
    
     matplot
    
    Loading required package: zoo
    
    Attaching package: 'zoo'
    
    The following objects are masked from 'package:base':
    
     as.Date, as.Date.numeric
    
    sde 2.0.15
    Companion package to the book
    'Simulation and Inference for Stochastic Differential Equations With R Examples'
    Iacus, Springer NY, (2008)
    To check the errata corrige of the book, type vignette("sde.errata")
    
    Attaching package: 'ftsa'
    
    The following objects are masked from 'package:stats':
    
     sd, var
    
    Warning in system(paste(shQuote(texi2dvi), if (quiet) "--quiet" else "", :
     running command '"C:\PROGRA~1\MiKTeX\miktex\bin\x64\texify.exe" --quiet --pdf "ftsa.tex" --max-iterations=20 -I "C:/r_packages/rinst/share/texmf/tex/latex" -I "C:/r_packages/rinst/share/texmf/bibtex/bst"' had status 1
    --- finished re-building 'ftsa.Rnw'
    
    --- re-building 'ftsa_test.Rnw' using Sweave
    Warning in system(paste(shQuote(texi2dvi), if (quiet) "--quiet" else "", :
     running command '"C:\PROGRA~1\MiKTeX\miktex\bin\x64\texify.exe" --quiet --pdf "ftsa_test.tex" --max-iterations=20 -I "C:/r_packages/rinst/share/texmf/tex/latex" -I "C:/r_packages/rinst/share/texmf/bibtex/bst"' had status 1
    Error: processing vignette 'ftsa_test.Rnw' failed with diagnostics:
    running 'texi2dvi' on 'ftsa_test.tex' failed
    
    LaTeX errors:
    .tex:153: Package xcolor Error: Undefined color `Red'.
    
    See the xcolor package documentation for explanation.
    Type H <return> for immediate help.
     ...
    .tex:153: Package xcolor Error: Undefined color `Red'.
    
    See the xcolor package documentation for explanation.
    Type H <return> for immediate help.
     ...
    
    --- failed re-building 'ftsa_test.Rnw'
    
    SUMMARY: processing the following file failed:
     'ftsa_test.Rnw'
    
    Error: Vignette re-building failed.
    Execution halted
Flavor: r-devel-windows-x86_64-new-TK