CRAN Package Check Results for Package ftsspec

Last updated on 2021-12-04 22:59:34 CET.

Flavor Version Tinstall Tcheck Ttotal Status Flags
r-devel-linux-x86_64-debian-clang 1.0.0 2.84 34.87 37.71 NOTE
r-devel-linux-x86_64-debian-gcc 1.0.0 2.49 27.38 29.87 NOTE
r-devel-linux-x86_64-fedora-clang 1.0.0 47.92 NOTE
r-devel-linux-x86_64-fedora-gcc 1.0.0 36.44 NOTE
r-devel-windows-x86_64-new-UL 1.0.0 8.00 67.00 75.00 NOTE
r-devel-windows-x86_64-new-TK 1.0.0 NOTE
r-devel-windows-x86_64-old 1.0.0 5.00 35.00 40.00 NOTE
r-patched-linux-x86_64 1.0.0 2.95 25.83 28.78 NOTE
r-release-linux-x86_64 1.0.0 2.86 25.80 28.66 NOTE
r-release-macos-arm64 1.0.0 NOTE
r-release-macos-x86_64 1.0.0 NOTE
r-release-windows-ix86+x86_64 1.0.0 6.00 44.00 50.00 NOTE
r-oldrel-macos-x86_64 1.0.0 OK
r-oldrel-windows-ix86+x86_64 1.0.0 6.00 41.00 47.00 OK

Check Details

Version: 1.0.0
Check: LazyData
Result: NOTE
     'LazyData' is specified without a 'data' directory
Flavors: r-devel-linux-x86_64-debian-clang, r-devel-linux-x86_64-debian-gcc, r-devel-linux-x86_64-fedora-clang, r-devel-linux-x86_64-fedora-gcc, r-devel-windows-x86_64-new-UL, r-devel-windows-x86_64-new-TK, r-devel-windows-x86_64-old, r-patched-linux-x86_64, r-release-linux-x86_64, r-release-macos-arm64, r-release-macos-x86_64, r-release-windows-ix86+x86_64