CRAN Package Check Results for Package functional

Last updated on 2022-01-18 22:47:24 CET.

Flavor Version Tinstall Tcheck Ttotal Status Flags
r-devel-linux-x86_64-debian-clang 0.6 1.92 28.37 30.29 NOTE
r-devel-linux-x86_64-debian-gcc 0.6 1.39 22.26 23.65 NOTE
r-devel-linux-x86_64-fedora-clang 0.6 37.97 NOTE
r-devel-linux-x86_64-fedora-gcc 0.6 26.77 NOTE
r-devel-windows-x86_64-new-UL 0.6 21.00 44.00 65.00 NOTE
r-devel-windows-x86_64-new-TK 0.6 NOTE
r-patched-linux-x86_64 0.6 1.25 27.25 28.50 NOTE
r-release-linux-x86_64 0.6 NOTE
r-release-macos-arm64 0.6 NOTE
r-release-macos-x86_64 0.6 NOTE
r-release-windows-ix86+x86_64 0.6 4.00 24.00 28.00 NOTE
r-oldrel-macos-x86_64 0.6 NOTE
r-oldrel-windows-ix86+x86_64 0.6 3.00 25.00 28.00 NOTE

Check Details

Version: 0.6
Check: DESCRIPTION meta-information
Result: NOTE
    Malformed Description field: should contain one or more complete sentences.
Flavors: r-devel-linux-x86_64-debian-clang, r-devel-linux-x86_64-debian-gcc, r-devel-linux-x86_64-fedora-clang, r-devel-linux-x86_64-fedora-gcc, r-devel-windows-x86_64-new-UL, r-devel-windows-x86_64-new-TK, r-patched-linux-x86_64, r-release-linux-x86_64, r-release-macos-arm64, r-release-macos-x86_64, r-release-windows-ix86+x86_64, r-oldrel-macos-x86_64, r-oldrel-windows-ix86+x86_64