CRAN Package Check Results for Package funr

Last updated on 2022-01-20 22:54:03 CET.

Flavor Version Tinstall Tcheck Ttotal Status Flags
r-devel-linux-x86_64-debian-clang 0.3.2 NOTE
r-devel-linux-x86_64-debian-gcc 0.3.2 1.36 24.62 25.98 NOTE
r-devel-linux-x86_64-fedora-clang 0.3.2 42.12 NOTE
r-devel-linux-x86_64-fedora-gcc 0.3.2 30.54 NOTE
r-devel-windows-x86_64-new-UL 0.3.2 21.00 54.00 75.00 NOTE
r-devel-windows-x86_64-new-TK 0.3.2 NOTE
r-patched-linux-x86_64 0.3.2 2.30 30.34 32.64 NOTE
r-release-linux-x86_64 0.3.2 1.45 30.09 31.54 NOTE
r-release-macos-arm64 0.3.2 NOTE
r-release-macos-x86_64 0.3.2 NOTE
r-release-windows-ix86+x86_64 0.3.2 4.00 41.00 45.00 NOTE
r-oldrel-macos-x86_64 0.3.2 OK
r-oldrel-windows-ix86+x86_64 0.3.2 5.00 40.00 45.00 OK

Check Details

Version: 0.3.2
Check: LazyData
Result: NOTE
     'LazyData' is specified without a 'data' directory
Flavors: r-devel-linux-x86_64-debian-clang, r-devel-linux-x86_64-debian-gcc, r-devel-linux-x86_64-fedora-clang, r-devel-linux-x86_64-fedora-gcc, r-devel-windows-x86_64-new-UL, r-devel-windows-x86_64-new-TK, r-patched-linux-x86_64, r-release-linux-x86_64, r-release-macos-arm64, r-release-macos-x86_64, r-release-windows-ix86+x86_64