CRAN Package Check Results for Package funrar

Last updated on 2022-01-28 23:00:36 CET.

Flavor Version Tinstall Tcheck Ttotal Status Flags
r-devel-linux-x86_64-debian-clang 1.4.1 3.48 83.90 87.38 NOTE
r-devel-linux-x86_64-debian-gcc 1.4.1 2.32 63.03 65.35 NOTE
r-devel-linux-x86_64-fedora-clang 1.4.1 91.68 NOTE
r-devel-linux-x86_64-fedora-gcc 1.4.1 81.02 NOTE
r-devel-windows-x86_64-new-UL 1.4.1 45.00 134.00 179.00 NOTE
r-devel-windows-x86_64-new-TK 1.4.1 NOTE
r-patched-linux-x86_64 1.4.1 2.79 71.27 74.06 NOTE
r-release-linux-x86_64 1.4.1 2.05 71.40 73.45 NOTE
r-release-macos-arm64 1.4.1 NOTE
r-release-macos-x86_64 1.4.1 NOTE
r-release-windows-ix86+x86_64 1.4.1 6.00 97.00 103.00 NOTE
r-oldrel-macos-x86_64 1.4.1 OK
r-oldrel-windows-ix86+x86_64 1.4.1 6.00 97.00 103.00 OK

Check Details

Version: 1.4.1
Check: LazyData
Result: NOTE
     'LazyData' is specified without a 'data' directory
Flavors: r-devel-linux-x86_64-debian-clang, r-devel-linux-x86_64-debian-gcc, r-devel-linux-x86_64-fedora-clang, r-devel-linux-x86_64-fedora-gcc, r-devel-windows-x86_64-new-UL, r-devel-windows-x86_64-new-TK, r-patched-linux-x86_64, r-release-linux-x86_64, r-release-macos-arm64, r-release-macos-x86_64, r-release-windows-ix86+x86_64