CRAN Package Check Results for Package future.batchtools

Last updated on 2021-12-08 22:57:36 CET.

Flavor Version Tinstall Tcheck Ttotal Status Flags
r-devel-linux-x86_64-debian-clang 0.10.0 5.02 277.68 282.70 OK
r-devel-linux-x86_64-debian-gcc 0.10.0 4.24 206.38 210.62 OK
r-devel-linux-x86_64-fedora-clang 0.10.0 335.25 NOTE
r-devel-linux-x86_64-fedora-gcc 0.10.0 368.29 OK
r-devel-windows-x86_64-new-UL 0.10.0 17.00 380.00 397.00 OK
r-devel-windows-x86_64-new-TK 0.10.0 OK
r-devel-windows-x86_64-old 0.10.0 8.00 334.00 342.00 OK
r-patched-linux-x86_64 0.10.0 8.52 252.84 261.36 OK
r-release-linux-x86_64 0.10.0 4.59 252.33 256.92 OK
r-release-macos-arm64 0.10.0 OK
r-release-macos-x86_64 0.10.0 OK
r-release-windows-ix86+x86_64 0.10.0 8.00 330.00 338.00 OK
r-oldrel-macos-x86_64 0.10.0 OK
r-oldrel-windows-ix86+x86_64 0.10.0 12.00 328.00 340.00 OK

Check Details

Version: 0.10.0
Check: Rd cross-references
Result: NOTE
    Undeclared package ‘globals’ in Rd xrefs
Flavor: r-devel-linux-x86_64-fedora-clang