Last updated on 2023-09-25 23:13:41 CEST.
Flavor | Version | Tinstall | Tcheck | Ttotal | Status | Flags |
---|---|---|---|---|---|---|
r-devel-linux-x86_64-debian-clang | 1.33.0 | 10.40 | 261.48 | 271.88 | NOTE | |
r-devel-linux-x86_64-debian-gcc | 1.33.0 | 8.39 | 199.28 | 207.67 | NOTE | |
r-devel-linux-x86_64-fedora-clang | 1.33.0 | 333.31 | NOTE | |||
r-devel-linux-x86_64-fedora-gcc | 1.33.0 | 350.55 | NOTE | |||
r-devel-windows-x86_64 | 1.33.0 | 12.00 | 300.00 | 312.00 | NOTE | |
r-patched-linux-x86_64 | 1.33.0 | 11.45 | 253.87 | 265.32 | OK | |
r-release-linux-x86_64 | 1.33.0 | 8.40 | 257.69 | 266.09 | OK | |
r-release-macos-arm64 | 1.33.0 | 186.00 | OK | |||
r-release-macos-x86_64 | 1.33.0 | 389.00 | OK | |||
r-release-windows-x86_64 | 1.33.0 | 14.00 | 350.00 | 364.00 | OK | |
r-oldrel-macos-arm64 | 1.33.0 | 190.00 | OK | |||
r-oldrel-macos-x86_64 | 1.33.0 | 331.00 | OK | |||
r-oldrel-windows-x86_64 | 1.33.0 | 12.00 | 343.00 | 355.00 | OK |
Version: 1.33.0
Check: Rd \usage sections
Result: NOTE
Documented arguments not in \usage in documentation object 'mandelbrot':
‘Z’ ‘xmid’ ‘ymid’ ‘side’ ‘resolution’ ‘maxIter’ ‘tau’
Functions with \usage entries need to have the appropriate \alias
entries, and all their arguments documented.
The \usage entries must correspond to syntactically valid R code.
See chapter ‘Writing R documentation files’ in the ‘Writing R
Extensions’ manual.
Flavors: r-devel-linux-x86_64-debian-clang, r-devel-linux-x86_64-debian-gcc, r-devel-linux-x86_64-fedora-clang, r-devel-linux-x86_64-fedora-gcc, r-devel-windows-x86_64