Last updated on 2022-05-15 22:51:37 CEST.
Flavor | Version | Tinstall | Tcheck | Ttotal | Status | Flags |
---|---|---|---|---|---|---|
r-devel-linux-x86_64-debian-clang | 1.0.8 | 7.11 | 233.14 | 240.25 | OK | |
r-devel-linux-x86_64-debian-gcc | 1.0.8 | 5.47 | 169.22 | 174.69 | OK | |
r-devel-linux-x86_64-fedora-clang | 1.0.8 | 280.01 | OK | |||
r-devel-linux-x86_64-fedora-gcc | 1.0.8 | 265.45 | OK | |||
r-devel-windows-x86_64 | 1.0.8 | 43.00 | 222.00 | 265.00 | OK | |
r-patched-linux-x86_64 | 1.0.8 | 5.70 | 219.42 | 225.12 | OK | |
r-release-linux-x86_64 | 1.0.8 | 5.72 | 219.84 | 225.56 | OK | |
r-release-macos-arm64 | 1.0.8 | 24.00 | NOTE | |||
r-release-macos-x86_64 | 1.0.8 | 51.00 | NOTE | |||
r-release-windows-x86_64 | 1.0.8 | 39.00 | 231.00 | 270.00 | OK | |
r-oldrel-macos-arm64 | 1.0.8 | 30.00 | NOTE | |||
r-oldrel-macos-x86_64 | 1.0.8 | 49.00 | NOTE | |||
r-oldrel-windows-ix86+x86_64 | 1.0.8 | 54.00 | 224.00 | 278.00 | OK |
Version: 1.0.8
Check: package dependencies
Result: NOTE
Package suggested but not available for checking: ‘WGCNA’
Flavors: r-release-macos-arm64, r-release-macos-x86_64, r-oldrel-macos-arm64, r-oldrel-macos-x86_64