CRAN Package Check Results for Package gRbase

Last updated on 2021-12-06 21:51:15 CET.

Flavor Version Tinstall Tcheck Ttotal Status Flags
r-devel-linux-x86_64-debian-clang 1.8-6.7 272.65 161.36 434.01 OK
r-devel-linux-x86_64-debian-gcc 1.8-6.7 213.85 124.77 338.62 OK
r-devel-linux-x86_64-fedora-clang 1.8-6.7 634.88 NOTE
r-devel-linux-x86_64-fedora-gcc 1.8-6.7 606.50 OK
r-devel-windows-x86_64-new-UL 1.8-6.7 339.00 267.00 606.00 OK
r-devel-windows-x86_64-new-TK 1.8-6.7 OK
r-devel-windows-x86_64-old 1.8-6.7 363.00 225.00 588.00 OK
r-patched-linux-x86_64 1.8-6.7 238.64 151.59 390.23 OK
r-release-linux-x86_64 1.8-6.7 244.69 160.29 404.98 OK
r-release-macos-arm64 1.8-6.7 NOTE
r-release-macos-x86_64 1.8-6.7 NOTE
r-release-windows-ix86+x86_64 1.8-6.7 664.00 273.00 937.00 NOTE
r-oldrel-macos-x86_64 1.8-6.7 NOTE
r-oldrel-windows-ix86+x86_64 1.8-6.7 672.00 282.00 954.00 NOTE

Check Details

Version: 1.8-6.7
Check: installed package size
Result: NOTE
     installed size is 12.8Mb
     sub-directories of 1Mb or more:
     libs 10.8Mb
Flavors: r-devel-linux-x86_64-fedora-clang, r-release-macos-arm64, r-release-macos-x86_64, r-release-windows-ix86+x86_64, r-oldrel-macos-x86_64, r-oldrel-windows-ix86+x86_64