CRAN Package Check Results for Package gamRR

Last updated on 2022-01-15 23:00:27 CET.

Flavor Version Tinstall Tcheck Ttotal Status Flags
r-devel-linux-x86_64-debian-clang 0.7.0 7.14 66.77 73.91 NOTE
r-devel-linux-x86_64-debian-gcc 0.7.0 5.33 52.32 57.65 NOTE
r-devel-linux-x86_64-fedora-clang 0.7.0 91.01 NOTE
r-devel-linux-x86_64-fedora-gcc 0.7.0 79.25 NOTE
r-devel-windows-x86_64-new-UL 0.7.0 14.00 82.00 96.00 NOTE
r-devel-windows-x86_64-new-TK 0.7.0 NOTE
r-patched-linux-x86_64 0.7.0 5.68 65.29 70.97 NOTE
r-release-linux-x86_64 0.7.0 6.66 64.86 71.52 NOTE
r-release-macos-arm64 0.7.0 NOTE
r-release-macos-x86_64 0.7.0 NOTE
r-release-windows-ix86+x86_64 0.7.0 15.00 77.00 92.00 NOTE
r-oldrel-macos-x86_64 0.7.0 OK
r-oldrel-windows-ix86+x86_64 0.7.0 16.00 76.00 92.00 OK

Check Details

Version: 0.7.0
Check: LazyData
Result: NOTE
     'LazyData' is specified without a 'data' directory
Flavors: r-devel-linux-x86_64-debian-clang, r-devel-linux-x86_64-debian-gcc, r-devel-linux-x86_64-fedora-clang, r-devel-linux-x86_64-fedora-gcc, r-devel-windows-x86_64-new-UL, r-devel-windows-x86_64-new-TK, r-patched-linux-x86_64, r-release-linux-x86_64, r-release-macos-arm64, r-release-macos-x86_64, r-release-windows-ix86+x86_64